CRAN Package Check Results for Package corclass

Last updated on 2019-10-21 05:46:57 CEST.

Flavor Version Tinstall Tcheck Ttotal Status Flags
r-devel-linux-x86_64-debian-clang 0.1.1 2.10 27.27 29.37 NOTE
r-devel-linux-x86_64-debian-gcc 0.1.1 1.84 21.91 23.75 NOTE
r-devel-linux-x86_64-fedora-clang 0.1.1 36.35 NOTE
r-devel-linux-x86_64-fedora-gcc 0.1.1 35.28 NOTE
r-devel-windows-ix86+x86_64 0.1.1 5.00 40.00 45.00 OK
r-patched-linux-x86_64 0.1.1 1.84 26.64 28.48 OK
r-patched-solaris-x86 0.1.1 68.20 OK
r-release-linux-x86_64 0.1.1 1.72 26.99 28.71 OK
r-release-windows-ix86+x86_64 0.1.1 6.00 41.00 47.00 OK
r-release-osx-x86_64 0.1.1 OK
r-oldrel-windows-ix86+x86_64 0.1.1 3.00 38.00 41.00 OK
r-oldrel-osx-x86_64 0.1.1 OK

Check Details

Version: 0.1.1
Check: for non-standard things in the check directory
Result: NOTE
    Found the following files/directories:
     'module1.pdf'
Flavors: r-devel-linux-x86_64-debian-clang, r-devel-linux-x86_64-debian-gcc, r-devel-linux-x86_64-fedora-clang, r-devel-linux-x86_64-fedora-gcc