CRAN Package Check Results for Package corclass

Last updated on 2021-10-22 05:59:41 CEST.

Flavor Version Tinstall Tcheck Ttotal Status Flags
r-devel-linux-x86_64-debian-clang 0.2 2.33 36.24 38.57 OK
r-devel-linux-x86_64-debian-gcc 0.2 1.89 28.35 30.24 OK
r-devel-linux-x86_64-fedora-clang 0.2 59.81 OK
r-devel-linux-x86_64-fedora-gcc 0.2 49.33 OK
r-devel-windows-x86_64 0.2 4.00 61.00 65.00 OK
r-devel-windows-x86_64-gcc10-UCRT 0.2 ERROR
r-patched-linux-x86_64 0.2 2.31 34.86 37.17 OK
r-patched-solaris-x86 0.2 81.60 OK
r-release-linux-x86_64 0.2 2.15 35.31 37.46 OK
r-release-macos-arm64 0.2 OK
r-release-macos-x86_64 0.2 OK
r-release-windows-ix86+x86_64 0.2 4.00 54.00 58.00 OK
r-oldrel-macos-x86_64 0.2 OK
r-oldrel-windows-ix86+x86_64 0.2 6.00 58.00 64.00 OK

Check Details

Version: 0.2
Check: package dependencies
Result: ERROR
    Package required but not available: 'igraph'
    
    See section 'The DESCRIPTION file' in the 'Writing R Extensions'
    manual.
Flavor: r-devel-windows-x86_64-gcc10-UCRT