Last updated on 2023-02-04 05:52:50 CET.
Flavor | Version | Tinstall | Tcheck | Ttotal | Status | Flags |
---|---|---|---|---|---|---|
r-devel-linux-x86_64-debian-clang | 0.8.6 | 4.55 | 48.88 | 53.43 | OK | |
r-devel-linux-x86_64-debian-gcc | 0.8.6 | 3.27 | 35.71 | 38.98 | OK | |
r-devel-linux-x86_64-fedora-clang | 0.8.6 | 65.80 | NOTE | |||
r-devel-linux-x86_64-fedora-gcc | 0.8.6 | 62.63 | NOTE | |||
r-devel-windows-x86_64 | 0.8.6 | 486.00 | 81.00 | 567.00 | OK | |
r-patched-linux-x86_64 | 0.8.6 | 4.12 | 44.90 | 49.02 | OK | |
r-release-linux-x86_64 | 0.8.6 | 3.56 | 43.50 | 47.06 | OK | |
r-release-macos-arm64 | 0.8.6 | 20.00 | NOTE | |||
r-release-macos-x86_64 | 0.8.6 | 33.00 | NOTE | |||
r-release-windows-x86_64 | 0.8.6 | 163.00 | 81.00 | 244.00 | OK | |
r-oldrel-macos-arm64 | 0.8.6 | 19.00 | NOTE | |||
r-oldrel-macos-x86_64 | 0.8.6 | 31.00 | NOTE | |||
r-oldrel-windows-ix86+x86_64 | 0.8.6 | 11.00 | 79.00 | 90.00 | OK |
Version: 0.8.6
Check: dependencies in R code
Result: NOTE
Namespaces in Imports field not imported from:
‘RColorBrewer’ ‘ggplot2’ ‘re2’ ‘rmarkdown’ ‘shinyWidgets’
‘shinydashboard’ ‘shinyjs’
All declared Imports should be used.
Flavors: r-devel-linux-x86_64-fedora-clang, r-devel-linux-x86_64-fedora-gcc, r-release-macos-arm64, r-release-macos-x86_64, r-oldrel-macos-arm64, r-oldrel-macos-x86_64