CRAN Package Check Results for Package corregp

Last updated on 2019-06-19 05:48:01 CEST.

Flavor Version Tinstall Tcheck Ttotal Status Flags
r-devel-linux-x86_64-debian-clang 2.0.2 6.62 57.95 64.57 OK
r-devel-linux-x86_64-debian-gcc 2.0.2 4.97 46.76 51.73 OK
r-devel-linux-x86_64-fedora-clang 2.0.2 76.03 NOTE
r-devel-linux-x86_64-fedora-gcc 2.0.2 70.77 NOTE
r-devel-windows-ix86+x86_64 2.0.2 25.00 114.00 139.00 OK
r-patched-linux-x86_64 2.0.2 6.03 57.24 63.27 OK
r-patched-solaris-x86 2.0.2 108.90 NOTE
r-release-linux-x86_64 2.0.2 6.17 56.90 63.07 OK
r-release-windows-ix86+x86_64 2.0.2 27.00 94.00 121.00 OK
r-release-osx-x86_64 2.0.2 WARN
r-oldrel-windows-ix86+x86_64 2.0.2 11.00 76.00 87.00 OK
r-oldrel-osx-x86_64 2.0.2 NOTE

Check Details

Version: 2.0.2
Check: data for non-ASCII characters
Result: NOTE
     Note: found 2 marked Latin-1 strings
Flavors: r-devel-linux-x86_64-fedora-clang, r-devel-linux-x86_64-fedora-gcc, r-patched-solaris-x86, r-release-osx-x86_64, r-oldrel-osx-x86_64

Version: 2.0.2
Check: whether package can be installed
Result: WARN
    Found the following significant warnings:
     Warning: 'rgl_init' failed, running with rgl.useNULL = TRUE
Flavor: r-release-osx-x86_64