CRAN Package Check Results for Package corregp

Last updated on 2021-06-14 05:50:28 CEST.

Flavor Version Tinstall Tcheck Ttotal Status Flags
r-devel-linux-x86_64-debian-clang 2.0.2 9.32 78.06 87.38 OK
r-devel-linux-x86_64-debian-gcc 2.0.2 7.13 57.81 64.94 OK
r-devel-linux-x86_64-fedora-clang 2.0.2 109.24 NOTE
r-devel-linux-x86_64-fedora-gcc 2.0.2 99.11 NOTE
r-devel-windows-x86_64 2.0.2 14.00 100.00 114.00 OK
r-devel-windows-x86_64-gcc10-UCRT 2.0.2 NOTE
r-patched-linux-x86_64 2.0.2 9.65 72.23 81.88 OK
r-patched-solaris-x86 2.0.2 126.60 NOTE
r-release-linux-x86_64 2.0.2 7.94 73.37 81.31 OK
r-release-macos-arm64 2.0.2 NOTE
r-release-macos-x86_64 2.0.2 NOTE
r-release-windows-ix86+x86_64 2.0.2 19.00 102.00 121.00 OK
r-oldrel-macos-x86_64 2.0.2 NOTE
r-oldrel-windows-ix86+x86_64 2.0.2 19.00 104.00 123.00 OK

Check Details

Version: 2.0.2
Check: data for non-ASCII characters
Result: NOTE
     Note: found 2 marked Latin-1 strings
Flavors: r-devel-linux-x86_64-fedora-clang, r-devel-linux-x86_64-fedora-gcc, r-devel-windows-x86_64-gcc10-UCRT, r-patched-solaris-x86, r-release-macos-arm64, r-release-macos-x86_64, r-oldrel-macos-x86_64