CRAN Package Check Results for Package corregp

Last updated on 2019-09-22 05:46:09 CEST.

Flavor Version Tinstall Tcheck Ttotal Status Flags
r-devel-linux-x86_64-debian-clang 2.0.2 6.94 58.53 65.47 OK
r-devel-linux-x86_64-debian-gcc 2.0.2 5.41 45.57 50.98 OK
r-devel-linux-x86_64-fedora-clang 2.0.2 75.93 NOTE
r-devel-linux-x86_64-fedora-gcc 2.0.2 72.53 NOTE
r-devel-windows-ix86+x86_64 2.0.2 28.00 76.00 104.00 OK
r-patched-linux-x86_64 2.0.2 5.70 55.13 60.83 OK
r-patched-solaris-x86 2.0.2 103.80 NOTE
r-release-linux-x86_64 2.0.2 6.50 55.13 61.63 OK
r-release-windows-ix86+x86_64 2.0.2 14.00 72.00 86.00 OK
r-release-osx-x86_64 2.0.2 WARN
r-oldrel-windows-ix86+x86_64 2.0.2 10.00 75.00 85.00 OK
r-oldrel-osx-x86_64 2.0.2 NOTE

Check Details

Version: 2.0.2
Check: data for non-ASCII characters
Result: NOTE
     Note: found 2 marked Latin-1 strings
Flavors: r-devel-linux-x86_64-fedora-clang, r-devel-linux-x86_64-fedora-gcc, r-patched-solaris-x86, r-release-osx-x86_64, r-oldrel-osx-x86_64

Version: 2.0.2
Check: whether package can be installed
Result: WARN
    Found the following significant warnings:
     Warning: 'rgl_init' failed, running with rgl.useNULL = TRUE
Flavor: r-release-osx-x86_64