Last updated on 2023-01-31 06:00:59 CET.
Flavor | Version | Tinstall | Tcheck | Ttotal | Status | Flags |
---|---|---|---|---|---|---|
r-devel-linux-x86_64-debian-clang | 0.4.4 | 22.82 | 33.72 | 56.54 | NOTE | |
r-devel-linux-x86_64-debian-gcc | 0.4.4 | 20.81 | 27.31 | 48.12 | NOTE | |
r-devel-linux-x86_64-fedora-clang | 0.4.4 | 76.65 | NOTE | |||
r-devel-linux-x86_64-fedora-gcc | 0.4.4 | 82.27 | NOTE | |||
r-devel-windows-x86_64 | 0.4.4 | 100.00 | 81.00 | 181.00 | NOTE | |
r-patched-linux-x86_64 | 0.4.4 | 26.93 | 34.33 | 61.26 | NOTE | |
r-release-linux-x86_64 | 0.4.4 | 24.32 | 34.43 | 58.75 | NOTE | |
r-release-macos-arm64 | 0.4.4 | 27.00 | NOTE | |||
r-release-macos-x86_64 | 0.4.4 | 42.00 | NOTE | |||
r-release-windows-x86_64 | 0.4.4 | 60.00 | 86.00 | 146.00 | NOTE | |
r-oldrel-macos-arm64 | 0.4.4 | 44.00 | NOTE | |||
r-oldrel-macos-x86_64 | 0.4.4 | 51.00 | NOTE | |||
r-oldrel-windows-ix86+x86_64 | 0.4.4 | 60.00 | 91.00 | 151.00 | NOTE |
Version: 0.4.4
Check: LazyData
Result: NOTE
'LazyData' is specified without a 'data' directory
Flavors: r-devel-linux-x86_64-debian-clang, r-devel-linux-x86_64-debian-gcc, r-devel-linux-x86_64-fedora-clang, r-devel-linux-x86_64-fedora-gcc, r-devel-windows-x86_64, r-patched-linux-x86_64, r-release-linux-x86_64, r-release-macos-arm64, r-release-macos-x86_64, r-release-windows-x86_64, r-oldrel-macos-arm64, r-oldrel-macos-x86_64, r-oldrel-windows-ix86+x86_64
Version: 0.4.4
Check: installed package size
Result: NOTE
installed size is 9.8Mb
sub-directories of 1Mb or more:
libs 9.2Mb
Flavors: r-release-macos-arm64, r-release-macos-x86_64, r-oldrel-macos-arm64, r-oldrel-macos-x86_64
Version: 0.4.4
Check: package dependencies
Result: NOTE
Package suggested but not available for checking: ‘rjags’
Flavors: r-release-macos-x86_64, r-oldrel-macos-arm64
Version: 0.4.4
Check: Rd cross-references
Result: NOTE
Package unavailable to check Rd xrefs: ‘rjags’
Flavors: r-release-macos-x86_64, r-oldrel-macos-arm64