Last updated on 2023-02-09 05:54:05 CET.
Flavor | Version | Tinstall | Tcheck | Ttotal | Status | Flags |
---|---|---|---|---|---|---|
r-devel-linux-x86_64-debian-clang | 0.1.4 | 5.82 | 165.87 | 171.69 | OK | |
r-devel-linux-x86_64-debian-gcc | 0.1.4 | 3.93 | 126.70 | 130.63 | OK | |
r-devel-linux-x86_64-fedora-clang | 0.1.4 | 209.47 | NOTE | |||
r-devel-linux-x86_64-fedora-gcc | 0.1.4 | 226.13 | NOTE | |||
r-devel-windows-x86_64 | 0.1.4 | 22.00 | 220.00 | 242.00 | NOTE | |
r-patched-linux-x86_64 | 0.1.4 | 5.38 | 160.83 | 166.21 | OK | |
r-release-linux-x86_64 | 0.1.4 | 5.64 | 150.60 | 156.24 | OK | |
r-release-macos-arm64 | 0.1.4 | 101.00 | NOTE | |||
r-release-macos-x86_64 | 0.1.4 | 169.00 | NOTE | |||
r-release-windows-x86_64 | 0.1.4 | 20.00 | 238.00 | 258.00 | NOTE | |
r-oldrel-macos-arm64 | 0.1.4 | 94.00 | NOTE | |||
r-oldrel-macos-x86_64 | 0.1.4 | 127.00 | NOTE | |||
r-oldrel-windows-ix86+x86_64 | 0.1.4 | 15.00 | 235.00 | 250.00 | NOTE |
Version: 0.1.4
Check: installed package size
Result: NOTE
installed size is 6.5Mb
sub-directories of 1Mb or more:
doc 6.3Mb
Flavors: r-devel-linux-x86_64-fedora-clang, r-devel-windows-x86_64, r-release-macos-arm64, r-release-macos-x86_64, r-release-windows-x86_64, r-oldrel-macos-arm64, r-oldrel-macos-x86_64, r-oldrel-windows-ix86+x86_64
Version: 0.1.4
Check: data for non-ASCII characters
Result: NOTE
Note: found 2385 marked UTF-8 strings
Flavors: r-devel-linux-x86_64-fedora-clang, r-devel-linux-x86_64-fedora-gcc, r-release-macos-arm64, r-release-macos-x86_64, r-oldrel-macos-arm64, r-oldrel-macos-x86_64