CRAN Package Check Results for Package covid19us

Last updated on 2024-06-13 06:57:57 CEST.

Flavor Version Tinstall Tcheck Ttotal Status Flags
r-devel-linux-x86_64-debian-clang 0.1.9 4.30 274.09 278.39 OK
r-devel-linux-x86_64-debian-gcc 0.1.9 0.24 1.56 1.80 ERROR
r-devel-linux-x86_64-fedora-clang 0.1.9 325.64 OK
r-devel-linux-x86_64-fedora-gcc 0.1.9 318.24 OK
r-devel-windows-x86_64 0.1.9 5.00 222.00 227.00 OK
r-patched-linux-x86_64 0.1.9 5.40 259.30 264.70 OK
r-release-linux-x86_64 0.1.9 2.98 262.11 265.09 OK
r-release-macos-arm64 0.1.9 104.00 OK
r-release-macos-x86_64 0.1.9 153.00 OK
r-release-windows-x86_64 0.1.9 6.00 224.00 230.00 OK
r-oldrel-macos-arm64 0.1.9 95.00 OK
r-oldrel-macos-x86_64 0.1.9 153.00 OK
r-oldrel-windows-x86_64 0.1.9 7.00 276.00 283.00 OK

Check Details

Version: 0.1.9
Check: package dependencies
Result: ERROR Packages required but not available: 'dplyr', 'lubridate', 'purrr', 'snakecase', 'stringr', 'tibble', 'tidyr' Package suggested but not available for checking: ‘testthat’ See section ‘The DESCRIPTION file’ in the ‘Writing R Extensions’ manual. Flavor: r-devel-linux-x86_64-debian-gcc