CRAN Package Check Results for Package covidregionaldata

Last updated on 2022-01-18 05:50:09 CET.

Flavor Version Tinstall Tcheck Ttotal Status Flags
r-devel-linux-x86_64-debian-clang 0.9.2 25.84 247.94 273.78 OK
r-devel-linux-x86_64-debian-gcc 0.9.2 23.28 176.50 199.78 OK
r-devel-linux-x86_64-fedora-clang 0.9.2 297.13 NOTE
r-devel-linux-x86_64-fedora-gcc 0.9.2 288.83 NOTE
r-devel-windows-x86_64-new-UL 0.9.2 596.00 313.00 909.00 OK
r-devel-windows-x86_64-new-TK 0.9.2 NOTE
r-patched-linux-x86_64 0.9.2 23.68 233.21 256.89 OK
r-release-linux-x86_64 0.9.2 OK
r-release-macos-arm64 0.9.2 NOTE
r-release-macos-x86_64 0.9.2 NOTE
r-release-windows-ix86+x86_64 0.9.2 45.00 282.00 327.00 OK
r-oldrel-macos-x86_64 0.9.2 NOTE
r-oldrel-windows-ix86+x86_64 0.9.2 46.00 292.00 338.00 OK

Check Details

Version: 0.9.2
Check: data for non-ASCII characters
Result: NOTE
     Note: found 200 marked UTF-8 strings
Flavors: r-devel-linux-x86_64-fedora-clang, r-devel-linux-x86_64-fedora-gcc, r-devel-windows-x86_64-new-TK, r-release-macos-arm64, r-release-macos-x86_64, r-oldrel-macos-x86_64