CRAN Package Check Results for Package crandep

Last updated on 2021-01-18 05:47:21 CET.

Flavor Version Tinstall Tcheck Ttotal Status Flags
r-devel-linux-x86_64-debian-clang 0.1.1 40.32 584.75 625.07 OK
r-devel-linux-x86_64-debian-gcc 0.1.1 30.26 430.58 460.84 OK
r-devel-linux-x86_64-fedora-clang 0.1.1 735.67 NOTE
r-devel-linux-x86_64-fedora-gcc 0.1.1 406.94 OK
r-devel-windows-ix86+x86_64 0.1.1 81.00 851.00 932.00 NOTE
r-patched-linux-x86_64 0.1.1 34.02 615.60 649.62 OK
r-patched-solaris-x86 0.1.1 1119.80 WARN
r-release-linux-x86_64 0.1.1 33.91 226.96 260.87 WARN
r-release-macos-x86_64 0.1.1 WARN
r-release-windows-ix86+x86_64 0.1.1 81.00 836.00 917.00 NOTE
r-oldrel-macos-x86_64 0.1.1 WARN
r-oldrel-windows-ix86+x86_64 0.1.1 88.00 782.00 870.00 NOTE

Check Details

Version: 0.1.1
Check: installed package size
Result: NOTE
     installed size is 6.0Mb
     sub-directories of 1Mb or more:
     data 1.2Mb
     doc 2.5Mb
     libs 2.2Mb
Flavors: r-devel-linux-x86_64-fedora-clang, r-devel-windows-ix86+x86_64, r-release-macos-x86_64, r-release-windows-ix86+x86_64, r-oldrel-macos-x86_64, r-oldrel-windows-ix86+x86_64

Version: 0.1.1
Check: re-building of vignette outputs
Result: WARN
    Error(s) in re-building vignettes:
     ...
    --- re-building ‘cran.Rmd’ using rmarkdown
    Warning in engine$weave(file, quiet = quiet, encoding = enc) :
     Pandoc (>= 1.12.3) and/or pandoc-citeproc not available. Falling back to R Markdown v1.
    
    Attaching package: 'dplyr'
    
    The following objects are masked from 'package:stats':
    
     filter, lag
    
    The following objects are masked from 'package:base':
    
     intersect, setdiff, setequal, union
    
    
    Attaching package: 'igraph'
    
    The following objects are masked from 'package:dplyr':
    
     as_data_frame, groups, union
    
    The following objects are masked from 'package:stats':
    
     decompose, spectrum
    
    The following object is masked from 'package:base':
    
     union
    
    Quitting from lines 168-175 (cran.Rmd)
    Error: processing vignette 'cran.Rmd' failed with diagnostics:
    there is no package called 'webshot'
    --- failed re-building ‘cran.Rmd’
    
    --- re-building ‘degree.Rmd’ using rmarkdown
    Warning in engine$weave(file, quiet = quiet, encoding = enc) :
     Pandoc (>= 1.12.3) and/or pandoc-citeproc not available. Falling back to R Markdown v1.
    
    Attaching package: 'igraph'
    
    The following objects are masked from 'package:stats':
    
     decompose, spectrum
    
    The following object is masked from 'package:base':
    
     union
    
    
    Attaching package: 'dplyr'
    
    The following objects are masked from 'package:igraph':
    
     as_data_frame, groups, union
    
    The following objects are masked from 'package:stats':
    
     filter, lag
    
    The following objects are masked from 'package:base':
    
     intersect, setdiff, setequal, union
    
    --- finished re-building ‘degree.Rmd’
    
    --- re-building ‘introduction.Rmd’ using rmarkdown
    Warning in engine$weave(file, quiet = quiet, encoding = enc) :
     Pandoc (>= 1.12.3) and/or pandoc-citeproc not available. Falling back to R Markdown v1.
    
    Attaching package: 'dplyr'
    
    The following objects are masked from 'package:stats':
    
     filter, lag
    
    The following objects are masked from 'package:base':
    
     intersect, setdiff, setequal, union
    
    
    Attaching package: 'igraph'
    
    The following objects are masked from 'package:dplyr':
    
     as_data_frame, groups, union
    
    The following objects are masked from 'package:stats':
    
     decompose, spectrum
    
    The following object is masked from 'package:base':
    
     union
    
    --- finished re-building ‘introduction.Rmd’
    
    SUMMARY: processing the following file failed:
     ‘cran.Rmd’
    
    Error: Vignette re-building failed.
    Execution halted
Flavor: r-patched-solaris-x86

Version: 0.1.1
Check: re-building of vignette outputs
Result: WARN
    Error(s) in re-building vignettes:
     ...
    --- re-building ‘cran.Rmd’ using rmarkdown
    
    Attaching package: 'dplyr'
    
    The following objects are masked from 'package:stats':
    
     filter, lag
    
    The following objects are masked from 'package:base':
    
     intersect, setdiff, setequal, union
    
    
    Attaching package: 'igraph'
    
    The following objects are masked from 'package:dplyr':
    
     as_data_frame, groups, union
    
    The following objects are masked from 'package:stats':
    
     decompose, spectrum
    
    The following object is masked from 'package:base':
    
     union
    
    Quitting from lines 54-58 (cran.Rmd)
    Error: processing vignette 'cran.Rmd' failed with diagnostics:
    cannot open the connection
    --- failed re-building ‘cran.Rmd’
    
    --- re-building ‘degree.Rmd’ using rmarkdown
    
    Attaching package: 'igraph'
    
    The following objects are masked from 'package:stats':
    
     decompose, spectrum
    
    The following object is masked from 'package:base':
    
     union
    
    
    Attaching package: 'dplyr'
    
    The following objects are masked from 'package:igraph':
    
     as_data_frame, groups, union
    
    The following objects are masked from 'package:stats':
    
     filter, lag
    
    The following objects are masked from 'package:base':
    
     intersect, setdiff, setequal, union
    
    Quitting from lines 46-52 (degree.Rmd)
    Error: processing vignette 'degree.Rmd' failed with diagnostics:
    cannot open the connection
    --- failed re-building ‘degree.Rmd’
    
    --- re-building ‘introduction.Rmd’ using rmarkdown
    
    Attaching package: 'dplyr'
    
    The following objects are masked from 'package:stats':
    
     filter, lag
    
    The following objects are masked from 'package:base':
    
     intersect, setdiff, setequal, union
    
    
    Attaching package: 'igraph'
    
    The following objects are masked from 'package:dplyr':
    
     as_data_frame, groups, union
    
    The following objects are masked from 'package:stats':
    
     decompose, spectrum
    
    The following object is masked from 'package:base':
    
     union
    
    --- finished re-building ‘introduction.Rmd’
    
    SUMMARY: processing the following files failed:
     ‘cran.Rmd’ ‘degree.Rmd’
    
    Error: Vignette re-building failed.
    Execution halted
Flavor: r-release-linux-x86_64

Version: 0.1.1
Check: re-building of vignette outputs
Result: WARN
    Error(s) in re-building vignettes:
    --- re-building ‘cran.Rmd’ using rmarkdown
    Warning in engine$weave(file, quiet = quiet, encoding = enc) :
     Pandoc (>= 1.12.3) and/or pandoc-citeproc not available. Falling back to R Markdown v1.
    
    Attaching package: 'dplyr'
    
    The following objects are masked from 'package:stats':
    
     filter, lag
    
    The following objects are masked from 'package:base':
    
     intersect, setdiff, setequal, union
    
    
    Attaching package: 'igraph'
    
    The following objects are masked from 'package:dplyr':
    
     as_data_frame, groups, union
    
    The following objects are masked from 'package:stats':
    
     decompose, spectrum
    
    The following object is masked from 'package:base':
    
     union
    
    Quitting from lines 168-175 (cran.Rmd)
    Error: processing vignette 'cran.Rmd' failed with diagnostics:
    cannot open the connection
    --- failed re-building ‘cran.Rmd’
    
    --- re-building ‘degree.Rmd’ using rmarkdown
    Warning in engine$weave(file, quiet = quiet, encoding = enc) :
     Pandoc (>= 1.12.3) and/or pandoc-citeproc not available. Falling back to R Markdown v1.
    
    Attaching package: 'igraph'
    
    The following objects are masked from 'package:stats':
    
     decompose, spectrum
    
    The following object is masked from 'package:base':
    
     union
    
    
    Attaching package: 'dplyr'
    
    The following objects are masked from 'package:igraph':
    
     as_data_frame, groups, union
    
    The following objects are masked from 'package:stats':
    
     filter, lag
    
    The following objects are masked from 'package:base':
    
     intersect, setdiff, setequal, union
    
    --- finished re-building ‘degree.Rmd’
    
    --- re-building ‘introduction.Rmd’ using rmarkdown
    Warning in engine$weave(file, quiet = quiet, encoding = enc) :
     Pandoc (>= 1.12.3) and/or pandoc-citeproc not available. Falling back to R Markdown v1.
    
    Attaching package: 'dplyr'
    
    The following objects are masked from 'package:stats':
    
     filter, lag
    
    The following objects are masked from 'package:base':
    
     intersect, setdiff, setequal, union
    
    
    Attaching package: 'igraph'
    
    The following objects are masked from 'package:dplyr':
    
     as_data_frame, groups, union
    
    The following objects are masked from 'package:stats':
    
     decompose, spectrum
    
    The following object is masked from 'package:base':
    
     union
    
    --- finished re-building ‘introduction.Rmd’
    
    SUMMARY: processing the following file failed:
     ‘cran.Rmd’
    
    Error: Vignette re-building failed.
    Execution halted
Flavors: r-release-macos-x86_64, r-oldrel-macos-x86_64