Last updated on 2023-02-05 05:51:54 CET.
Flavor | Version | Tinstall | Tcheck | Ttotal | Status | Flags |
---|---|---|---|---|---|---|
r-devel-linux-x86_64-debian-clang | 0.6.0 | 8.67 | 458.92 | 467.59 | OK | |
r-devel-linux-x86_64-debian-gcc | 0.6.0 | 7.37 | 339.55 | 346.92 | OK | |
r-devel-linux-x86_64-fedora-clang | 0.6.0 | 551.28 | NOTE | |||
r-devel-linux-x86_64-fedora-gcc | 0.6.0 | 556.30 | OK | |||
r-devel-windows-x86_64 | 0.6.0 | 25.00 | 528.00 | 553.00 | NOTE | |
r-patched-linux-x86_64 | 0.6.0 | 8.75 | 432.47 | 441.22 | OK | |
r-release-linux-x86_64 | 0.6.0 | 7.76 | 424.13 | 431.89 | OK | |
r-release-macos-arm64 | 0.6.0 | 174.00 | NOTE | |||
r-release-macos-x86_64 | 0.6.0 | 231.00 | NOTE | |||
r-release-windows-x86_64 | 0.6.0 | 38.00 | 560.00 | 598.00 | NOTE | |
r-oldrel-macos-arm64 | 0.6.0 | 140.00 | NOTE | |||
r-oldrel-macos-x86_64 | 0.6.0 | 230.00 | NOTE | |||
r-oldrel-windows-ix86+x86_64 | 0.6.0 | 20.00 | 508.00 | 528.00 | NOTE |
Version: 0.6.0
Check: installed package size
Result: NOTE
installed size is 5.4Mb
sub-directories of 1Mb or more:
doc 5.1Mb
Flavors: r-devel-linux-x86_64-fedora-clang, r-devel-windows-x86_64, r-release-macos-arm64, r-release-macos-x86_64, r-release-windows-x86_64, r-oldrel-macos-arm64, r-oldrel-macos-x86_64, r-oldrel-windows-ix86+x86_64