CRAN Package Check Results for Package crispRdesignR

Last updated on 2024-06-14 06:53:30 CEST.

Flavor Version Tinstall Tcheck Ttotal Status Flags
r-devel-linux-x86_64-debian-clang 1.1.7 5.62 61.78 67.40 OK
r-devel-linux-x86_64-debian-gcc 1.1.7 5.65 46.37 52.02 OK
r-devel-linux-x86_64-fedora-clang 1.1.7 92.26 NOTE
r-devel-linux-x86_64-fedora-gcc 1.1.7 87.51 NOTE
r-devel-windows-x86_64 1.1.7 7.00 65.00 72.00 OK
r-patched-linux-x86_64 1.1.7 8.00 59.39 67.39 OK
r-release-linux-x86_64 1.1.7 6.02 61.62 67.64 OK
r-release-macos-arm64 1.1.7 29.00 NOTE
r-release-macos-x86_64 1.1.7 41.00 NOTE
r-release-windows-x86_64 1.1.7 7.00 65.00 72.00 OK
r-oldrel-macos-arm64 1.1.7 27.00 NOTE
r-oldrel-macos-x86_64 1.1.7 73.00 NOTE
r-oldrel-windows-x86_64 1.1.7 13.00 72.00 85.00 NOTE

Check Details

Version: 1.1.7
Check: dependencies in R code
Result: NOTE Namespaces in Imports field not imported from: ‘DT’ ‘gbm’ All declared Imports should be used. Flavors: r-devel-linux-x86_64-fedora-clang, r-devel-linux-x86_64-fedora-gcc

Version: 1.1.7
Check: package dependencies
Result: NOTE Package suggested but not available for checking: ‘BSgenome.Scerevisiae.UCSC.sacCer3’ Flavors: r-release-macos-arm64, r-release-macos-x86_64, r-oldrel-macos-arm64, r-oldrel-macos-x86_64, r-oldrel-windows-x86_64