CRAN Package Check Results for Package cropdatape

Last updated on 2022-01-24 05:51:46 CET.

Flavor Version Tinstall Tcheck Ttotal Status Flags
r-devel-linux-x86_64-debian-clang 1.0.0 1.41 29.35 30.76 OK
r-devel-linux-x86_64-debian-gcc 1.0.0 1.29 23.17 24.46 OK
r-devel-linux-x86_64-fedora-clang 1.0.0 39.04 NOTE
r-devel-linux-x86_64-fedora-gcc 1.0.0 27.71 NOTE
r-devel-windows-x86_64-new-UL 1.0.0 17.00 48.00 65.00 OK
r-devel-windows-x86_64-new-TK 1.0.0 NOTE
r-patched-linux-x86_64 1.0.0 1.22 28.41 29.63 OK
r-release-linux-x86_64 1.0.0 1.65 28.82 30.47 OK
r-release-macos-arm64 1.0.0 NOTE
r-release-macos-x86_64 1.0.0 NOTE
r-release-windows-ix86+x86_64 1.0.0 4.00 25.00 29.00 OK
r-oldrel-macos-x86_64 1.0.0 NOTE
r-oldrel-windows-ix86+x86_64 1.0.0 4.00 24.00 28.00 OK

Check Details

Version: 1.0.0
Check: data for non-ASCII characters
Result: NOTE
     Note: found 3 marked UTF-8 strings
Flavors: r-devel-linux-x86_64-fedora-clang, r-devel-linux-x86_64-fedora-gcc, r-devel-windows-x86_64-new-TK, r-release-macos-arm64, r-release-macos-x86_64, r-oldrel-macos-x86_64