CRAN Package Check Results for Package crossmatch

Last updated on 2022-01-21 05:52:06 CET.

Flavor Version Tinstall Tcheck Ttotal Status Flags
r-devel-linux-x86_64-debian-clang 1.3-1 NOTE
r-devel-linux-x86_64-debian-gcc 1.3-1 8.26 81.09 89.35 NOTE
r-devel-linux-x86_64-fedora-clang 1.3-1 142.04 NOTE
r-devel-linux-x86_64-fedora-gcc 1.3-1 128.00 NOTE
r-devel-windows-x86_64-new-UL 1.3-1 19.00 126.00 145.00 NOTE
r-devel-windows-x86_64-new-TK 1.3-1 NOTE
r-patched-linux-x86_64 1.3-1 10.91 101.13 112.04 NOTE
r-release-linux-x86_64 1.3-1 8.28 101.40 109.68 NOTE
r-release-macos-arm64 1.3-1 NOTE
r-release-macos-x86_64 1.3-1 NOTE
r-release-windows-ix86+x86_64 1.3-1 26.00 118.00 144.00 NOTE
r-oldrel-macos-x86_64 1.3-1 NOTE
r-oldrel-windows-ix86+x86_64 1.3-1 29.00 122.00 151.00 NOTE

Check Details

Version: 1.3-1
Check: dependencies in R code
Result: NOTE
    Package in Depends field not imported from: 'survival'
     These packages need to be imported from (in the NAMESPACE file)
     for when this namespace is loaded but not attached.
Flavors: r-devel-linux-x86_64-debian-clang, r-devel-linux-x86_64-debian-gcc, r-devel-linux-x86_64-fedora-clang, r-devel-linux-x86_64-fedora-gcc, r-devel-windows-x86_64-new-UL, r-devel-windows-x86_64-new-TK, r-patched-linux-x86_64, r-release-linux-x86_64, r-release-macos-arm64, r-release-macos-x86_64, r-release-windows-ix86+x86_64, r-oldrel-macos-x86_64, r-oldrel-windows-ix86+x86_64

Version: 1.3-1
Check: R code for possible problems
Result: NOTE
    crossmatchtest: no visible global function definition for 'pnorm'
    Undefined global functions or variables:
     pnorm
    Consider adding
     importFrom("stats", "pnorm")
    to your NAMESPACE file.
Flavors: r-devel-linux-x86_64-debian-clang, r-devel-linux-x86_64-debian-gcc, r-devel-linux-x86_64-fedora-clang, r-devel-linux-x86_64-fedora-gcc, r-devel-windows-x86_64-new-UL, r-devel-windows-x86_64-new-TK, r-patched-linux-x86_64, r-release-linux-x86_64, r-release-macos-arm64, r-release-macos-x86_64, r-release-windows-ix86+x86_64, r-oldrel-macos-x86_64, r-oldrel-windows-ix86+x86_64

Version: 1.3-1
Check: Rd line widths
Result: NOTE
    Rd file 'crossmatch-package.Rd':
     \examples lines wider than 100 characters:
     c(0.03,0.11,0.16,-0.1,-0.05,0.16,0.12,0.4,0.04,0.71,0.01,0.21,-0.18,-0.08 ,-0.35,0.26,-0.6,-1.0))
    
    Rd file 'crossmatchtest.Rd':
     \examples lines wider than 100 characters:
     c(0.03,0.11,0.16,-0.1,-0.05,0.16,0.12,0.4,0.04,0.71,0.01,0.21,-0.18,-0.08 ,-0.35,0.26,-0.6,-1.0))
    
    These lines will be truncated in the PDF manual.
Flavors: r-devel-linux-x86_64-debian-clang, r-devel-linux-x86_64-debian-gcc, r-devel-linux-x86_64-fedora-clang, r-devel-linux-x86_64-fedora-gcc, r-patched-linux-x86_64, r-release-linux-x86_64