CRAN Package Check Results for Package csurvey

Last updated on 2022-01-26 05:54:11 CET.

Flavor Version Tinstall Tcheck Ttotal Status Flags
r-devel-linux-x86_64-debian-clang 1.2 13.88 101.89 115.77 OK
r-devel-linux-x86_64-debian-gcc 1.2 9.85 79.21 89.06 OK
r-devel-linux-x86_64-fedora-clang 1.2 132.82 NOTE
r-devel-linux-x86_64-fedora-gcc 1.2 127.71 OK
r-devel-windows-x86_64-new-UL 1.2 23.00 112.00 135.00 OK
r-devel-windows-x86_64-new-TK 1.2 NOTE
r-patched-linux-x86_64 1.2 10.06 96.30 106.36 OK
r-release-linux-x86_64 1.2 11.89 94.85 106.74 OK
r-release-macos-arm64 1.2 OK
r-release-macos-x86_64 1.2 OK
r-release-windows-ix86+x86_64 1.2 24.00 106.00 130.00 OK
r-oldrel-macos-x86_64 1.2 OK
r-oldrel-windows-ix86+x86_64 1.2 25.00 108.00 133.00 OK

Check Details

Version: 1.2
Check: Rd cross-references
Result: NOTE
    Undeclared package ‘cgam’ in Rd xrefs
Flavor: r-devel-linux-x86_64-fedora-clang

Version: 1.2
Check: Rd cross-references
Result: NOTE
    Package unavailable to check Rd xrefs: 'cgam'
Flavor: r-devel-windows-x86_64-new-TK