CRAN Package Check Results for Package csv

Last updated on 2021-06-13 05:51:02 CEST.

Flavor Version Tinstall Tcheck Ttotal Status Flags
r-devel-linux-x86_64-debian-clang 0.5.9 2.25 26.75 29.00 NOTE
r-devel-linux-x86_64-debian-gcc 0.5.9 1.83 21.03 22.86 NOTE
r-devel-linux-x86_64-fedora-clang 0.5.9 45.01 NOTE
r-devel-linux-x86_64-fedora-gcc 0.5.9 33.81 NOTE
r-devel-windows-x86_64 0.5.9 4.00 40.00 44.00 NOTE
r-devel-windows-x86_64-gcc10-UCRT 0.5.9 NOTE
r-patched-linux-x86_64 0.5.9 2.18 25.96 28.14 NOTE
r-patched-solaris-x86 0.5.9 54.40 NOTE
r-release-linux-x86_64 0.5.9 1.92 25.87 27.79 NOTE
r-release-macos-arm64 0.5.9 NOTE
r-release-macos-x86_64 0.5.9 NOTE
r-release-windows-ix86+x86_64 0.5.9 5.00 53.00 58.00 NOTE
r-oldrel-macos-x86_64 0.5.9 OK
r-oldrel-windows-ix86+x86_64 0.5.9 5.00 41.00 46.00 OK

Check Details

Version: 0.5.9
Check: LazyData
Result: NOTE
     'LazyData' is specified without a 'data' directory
Flavors: r-devel-linux-x86_64-debian-clang, r-devel-linux-x86_64-debian-gcc, r-devel-linux-x86_64-fedora-clang, r-devel-linux-x86_64-fedora-gcc, r-devel-windows-x86_64, r-devel-windows-x86_64-gcc10-UCRT, r-patched-linux-x86_64, r-patched-solaris-x86, r-release-linux-x86_64, r-release-macos-arm64, r-release-macos-x86_64, r-release-windows-ix86+x86_64