CRAN Package Check Results for Package csvy

Last updated on 2021-06-14 05:50:29 CEST.

Flavor Version Tinstall Tcheck Ttotal Status Flags
r-devel-linux-x86_64-debian-clang 0.3.0 2.59 32.21 34.80 OK
r-devel-linux-x86_64-debian-gcc 0.3.0 2.08 24.57 26.65 OK
r-devel-linux-x86_64-fedora-clang 0.3.0 50.64 OK
r-devel-linux-x86_64-fedora-gcc 0.3.0 39.67 OK
r-devel-windows-x86_64 0.3.0 5.00 50.00 55.00 OK
r-devel-windows-x86_64-gcc10-UCRT 0.3.0 ERROR
r-patched-linux-x86_64 0.3.0 2.48 30.43 32.91 OK
r-patched-solaris-x86 0.3.0 61.10 OK
r-release-linux-x86_64 0.3.0 2.49 30.56 33.05 OK
r-release-macos-arm64 0.3.0 OK
r-release-macos-x86_64 0.3.0 OK
r-release-windows-ix86+x86_64 0.3.0 7.00 56.00 63.00 OK
r-oldrel-macos-x86_64 0.3.0 OK
r-oldrel-windows-ix86+x86_64 0.3.0 5.00 46.00 51.00 OK

Check Details

Version: 0.3.0
Check: tests
Result: ERROR
     Running 'test-all.R'
    Running the tests in 'tests/test-all.R' failed.
    Last 13 lines of output:
     file.exists(tmp_metadata) is not TRUE
    
     `actual`: FALSE
     `expected`: TRUE
    
     -- 2. Error (test-metadata.R:48:5): External metadata loads automatically ------
     Error: invalid 'description' argument
     Backtrace:
     1. testthat::expect_identical(...) test-metadata.R:48:4
     4. base::readLines(dir(dirname(tmp), pattern = ".yaml", full.names = TRUE))
     5. base::file(con, "r")
    
     == DONE ========================================================================
     Error: Test failures
     Execution halted
Flavor: r-devel-windows-x86_64-gcc10-UCRT