CRAN Package Check Results for Package ctmm

Last updated on 2021-06-18 05:48:42 CEST.

Flavor Version Tinstall Tcheck Ttotal Status Flags
r-devel-linux-x86_64-debian-clang 0.6.0 34.02 356.79 390.81 OK --no-vignettes
r-devel-linux-x86_64-debian-gcc 0.6.0 28.64 270.32 298.96 OK --no-vignettes
r-devel-linux-x86_64-fedora-clang 0.6.0 468.56 OK --no-vignettes
r-devel-linux-x86_64-fedora-gcc 0.6.0 466.65 OK --no-vignettes
r-devel-windows-x86_64 0.6.0 118.00 478.00 596.00 OK --no-vignettes
r-devel-windows-x86_64-gcc10-UCRT 0.6.0 FAIL
r-patched-linux-x86_64 0.6.0 42.09 342.92 385.01 OK --no-vignettes
r-patched-solaris-x86 0.6.0 594.10 OK --no-vignettes
r-release-linux-x86_64 0.6.0 32.43 343.59 376.02 OK --no-vignettes
r-release-macos-arm64 0.6.0 NOTE
r-release-macos-x86_64 0.6.0 OK
r-release-windows-ix86+x86_64 0.6.0 261.00 397.00 658.00 OK --no-vignettes
r-oldrel-macos-x86_64 0.6.0 WARN
r-oldrel-windows-ix86+x86_64 0.6.0 99.00 600.00 699.00 OK --no-vignettes

Check Details

Version: 0.6.0
Check: re-building of vignette outputs
Result: FAIL
Flavor: r-devel-windows-x86_64-gcc10-UCRT

Version: 0.6.0
Check: package dependencies
Result: NOTE
    Package suggested but not available for checking: ‘move’
Flavor: r-release-macos-arm64

Version: 0.6.0
Check: re-building of vignette outputs
Result: WARN
    Error(s) in re-building vignettes:
    --- re-building ‘akde.Rmd’ using rmarkdown
    Warning in engine$weave(file, quiet = quiet, encoding = enc) :
     Pandoc (>= 1.12.3) not available. Falling back to R Markdown v1.
    --- finished re-building ‘akde.Rmd’
    
    --- re-building ‘error.Rmd’ using rmarkdown
    Warning in engine$weave(file, quiet = quiet, encoding = enc) :
     Pandoc (>= 1.12.3) not available. Falling back to R Markdown v1.
    --- finished re-building ‘error.Rmd’
    
    --- re-building ‘periodogram.Rmd’ using rmarkdown
    Warning in engine$weave(file, quiet = quiet, encoding = enc) :
     Pandoc (>= 1.12.3) not available. Falling back to R Markdown v1.
    --- finished re-building ‘periodogram.Rmd’
    
    --- re-building ‘variogram.Rmd’ using rmarkdown
    Warning in engine$weave(file, quiet = quiet, encoding = enc) :
     Pandoc (>= 1.12.3) not available. Falling back to R Markdown v1.
    
    Execution halted
    SUMMARY: processing the following file failed:
     ‘variogram.Rmd’
    
    Error: Vignette re-building failed.
    Execution halted
    
    * checking PDF version of manual ...* using check arguments '--no-clean-on-error '
Flavor: r-oldrel-macos-x86_64