CRAN Package Check Results for Package cubature

Last updated on 2021-03-08 05:47:26 CET.

Flavor Version Tinstall Tcheck Ttotal Status Flags
r-devel-linux-x86_64-debian-clang 2.0.4.1 76.43 218.67 295.10 NOTE
r-devel-linux-x86_64-debian-gcc 2.0.4.1 49.37 142.33 191.70 NOTE
r-devel-linux-x86_64-fedora-clang 2.0.4.1 363.88 NOTE
r-devel-linux-x86_64-fedora-gcc 2.0.4.1 347.11 NOTE
r-devel-windows-ix86+x86_64 2.0.4.1 95.00 306.00 401.00 WARN
r-devel-windows-x86_64-gcc10-UCRT 2.0.4.1 NOTE
r-patched-linux-x86_64 2.0.4.1 58.33 209.71 268.04 NOTE
r-patched-solaris-x86 2.0.4.1 376.20 NOTE
r-release-linux-x86_64 2.0.4.1 58.23 211.33 269.56 NOTE
r-release-macos-x86_64 2.0.4.1 WARN
r-release-windows-ix86+x86_64 2.0.4.1 77.00 217.00 294.00 WARN
r-oldrel-macos-x86_64 2.0.4.1 NOTE
r-oldrel-windows-ix86+x86_64 2.0.4.1 86.00 205.00 291.00 NOTE

Check Details

Version: 2.0.4.1
Check: for GNU extensions in Makefiles
Result: NOTE
    GNU make is a SystemRequirements.
Flavors: r-devel-linux-x86_64-debian-clang, r-devel-linux-x86_64-debian-gcc, r-devel-linux-x86_64-fedora-clang, r-devel-linux-x86_64-fedora-gcc, r-devel-windows-ix86+x86_64, r-devel-windows-x86_64-gcc10-UCRT, r-patched-linux-x86_64, r-patched-solaris-x86, r-release-linux-x86_64, r-release-macos-x86_64, r-release-windows-ix86+x86_64, r-oldrel-macos-x86_64, r-oldrel-windows-ix86+x86_64

Version: 2.0.4.1
Check: installed package size
Result: NOTE
     installed size is 5.3Mb
     sub-directories of 1Mb or more:
     doc 1.3Mb
     libs 3.8Mb
Flavors: r-devel-linux-x86_64-fedora-clang, r-devel-windows-ix86+x86_64, r-release-windows-ix86+x86_64, r-oldrel-windows-ix86+x86_64

Version: 2.0.4.1
Check: whether package can be installed
Result: WARN
    Found the following significant warnings:
     ./src/common/Random.c:105:5: warning: 'memcpy' pointer overflow between offset 0 and size [4294967292, 2147483647] [-Warray-bounds]
     ./src/common/Random.c:105:5: warning: 'memcpy' pointer overflow between offset 0 and size [-4, 9223372036854775807] [-Warray-bounds]
Flavors: r-devel-windows-ix86+x86_64, r-release-windows-ix86+x86_64

Version: 2.0.4.1
Check: whether package can be installed
Result: WARN
    Found the following significant warnings:
     ./src/common/Random.c:105:5: warning: ‘__builtin_memcpy’ pointer overflow between offset 0 and size [-4, 9223372036854775807] [-Warray-bounds]
Flavor: r-release-macos-x86_64