CRAN Package Check Results for Package cultevo

Last updated on 2021-10-24 05:55:02 CEST.

Flavor Version Tinstall Tcheck Ttotal Status Flags
r-devel-linux-x86_64-debian-clang 1.0.2 3.87 323.30 327.17 OK
r-devel-linux-x86_64-debian-gcc 1.0.2 3.04 231.06 234.10 OK
r-devel-linux-x86_64-fedora-clang 1.0.2 382.89 OK
r-devel-linux-x86_64-fedora-gcc 1.0.2 359.85 OK
r-devel-windows-x86_64 1.0.2 6.00 398.00 404.00 OK
r-devel-windows-x86_64-gcc10-UCRT 1.0.2 NOTE
r-patched-linux-x86_64 1.0.2 3.66 295.06 298.72 OK
r-patched-solaris-x86 1.0.2 76.00 OK
r-release-linux-x86_64 1.0.2 4.11 296.80 300.91 OK
r-release-macos-arm64 1.0.2 NOTE
r-release-macos-x86_64 1.0.2 NOTE
r-release-windows-ix86+x86_64 1.0.2 6.00 358.00 364.00 OK
r-oldrel-macos-x86_64 1.0.2 NOTE
r-oldrel-windows-ix86+x86_64 1.0.2 9.00 369.00 378.00 OK

Check Details

Version: 1.0.2
Check: dependencies in R code
Result: NOTE
    Namespace in Imports field not imported from: 'pspearman'
     All declared Imports should be used.
Flavors: r-devel-windows-x86_64-gcc10-UCRT, r-release-macos-arm64, r-release-macos-x86_64, r-oldrel-macos-x86_64