CRAN Package Check Results for Package cutpointr

Last updated on 2024-02-25 06:08:26 CET.

Flavor Version Tinstall Tcheck Ttotal Status Flags
r-devel-linux-x86_64-debian-clang 1.1.2 60.45 362.39 422.84 NOTE
r-devel-linux-x86_64-debian-gcc 1.1.2 45.66 266.53 312.19 NOTE
r-devel-linux-x86_64-fedora-clang 1.1.2 524.33 NOTE
r-devel-linux-x86_64-fedora-gcc 1.1.2 518.03 NOTE
r-devel-windows-x86_64 1.1.2 47.00 341.00 388.00 NOTE
r-patched-linux-x86_64 1.1.2 53.24 359.59 412.83 NOTE
r-release-linux-x86_64 1.1.2 44.99 357.56 402.55 NOTE
r-release-macos-arm64 1.1.2 176.00 NOTE
r-release-macos-x86_64 1.1.2 317.00 NOTE
r-release-windows-x86_64 1.1.2 61.00 470.00 531.00 NOTE
r-oldrel-macos-arm64 1.1.2 181.00 OK
r-oldrel-windows-x86_64 1.1.2 58.00 447.00 505.00 OK

Check Details

Version: 1.1.2
Check: package subdirectories
Result: NOTE Problems with news in ‘NEWS.md’: Cannot extract version info from the following section titles: Misc Flavors: r-devel-linux-x86_64-debian-clang, r-devel-linux-x86_64-debian-gcc, r-devel-linux-x86_64-fedora-clang, r-devel-linux-x86_64-fedora-gcc, r-devel-windows-x86_64, r-patched-linux-x86_64, r-release-linux-x86_64, r-release-macos-arm64, r-release-macos-x86_64, r-release-windows-x86_64

Version: 1.1.2
Check: Rd files
Result: NOTE checkRd: (-1) abs_d_ppv_npv.Rd:27: Escaped LaTeX specials: \_ \_ \_ Flavors: r-devel-linux-x86_64-debian-clang, r-devel-linux-x86_64-debian-gcc, r-devel-linux-x86_64-fedora-clang, r-devel-linux-x86_64-fedora-gcc, r-devel-windows-x86_64, r-patched-linux-x86_64, r-release-linux-x86_64, r-release-macos-arm64, r-release-macos-x86_64, r-release-windows-x86_64