Last updated on 2023-02-01 05:50:40 CET.
Flavor | Version | Tinstall | Tcheck | Ttotal | Status | Flags |
---|---|---|---|---|---|---|
r-devel-linux-x86_64-debian-clang | 1.1.2 | 58.17 | 416.39 | 474.56 | NOTE | |
r-devel-linux-x86_64-debian-gcc | 1.1.2 | 42.66 | 303.21 | 345.87 | NOTE | |
r-devel-linux-x86_64-fedora-clang | 1.1.2 | 572.68 | NOTE | |||
r-devel-linux-x86_64-fedora-gcc | 1.1.2 | 500.85 | NOTE | |||
r-devel-windows-x86_64 | 1.1.2 | 111.00 | 627.00 | 738.00 | NOTE | |
r-patched-linux-x86_64 | 1.1.2 | 45.09 | 380.26 | 425.35 | OK | |
r-release-linux-x86_64 | 1.1.2 | 44.45 | 378.82 | 423.27 | OK | |
r-release-macos-arm64 | 1.1.2 | 181.00 | OK | |||
r-release-macos-x86_64 | 1.1.2 | 236.00 | OK | |||
r-release-windows-x86_64 | 1.1.2 | 131.00 | 577.00 | 708.00 | OK | |
r-oldrel-macos-arm64 | 1.1.2 | 146.00 | OK | |||
r-oldrel-macos-x86_64 | 1.1.2 | 215.00 | OK | |||
r-oldrel-windows-ix86+x86_64 | 1.1.2 | 127.00 | 784.00 | 911.00 | OK |
Version: 1.1.2
Check: package subdirectories
Result: NOTE
Problems with news in ‘NEWS.md’:
Cannot extract version info from the following section titles:
Misc
Flavors: r-devel-linux-x86_64-debian-clang, r-devel-linux-x86_64-debian-gcc, r-devel-linux-x86_64-fedora-clang, r-devel-linux-x86_64-fedora-gcc, r-devel-windows-x86_64
Version: 1.1.2
Check: Rd files
Result: NOTE
checkRd: (-1) abs_d_ppv_npv.Rd:27: Escaped LaTeX specials: \_ \_ \_
Flavors: r-devel-linux-x86_64-debian-clang, r-devel-linux-x86_64-debian-gcc, r-devel-linux-x86_64-fedora-clang, r-devel-linux-x86_64-fedora-gcc, r-devel-windows-x86_64