CRAN Package Check Results for Package dabestr

Last updated on 2021-12-08 05:58:35 CET.

Flavor Version Tinstall Tcheck Ttotal Status Flags
r-devel-linux-x86_64-debian-clang 0.3.0 27.92 234.86 262.78 OK
r-devel-linux-x86_64-debian-gcc 0.3.0 19.93 167.49 187.42 OK
r-devel-linux-x86_64-fedora-clang 0.3.0 280.76 NOTE
r-devel-linux-x86_64-fedora-gcc 0.3.0 272.86 NOTE
r-devel-windows-x86_64-new-UL 0.3.0 32.00 361.00 393.00 OK
r-devel-windows-x86_64-new-TK 0.3.0 NOTE
r-devel-windows-x86_64-old 0.3.0 15.00 282.00 297.00 OK
r-patched-linux-x86_64 0.3.0 30.69 220.36 251.05 OK
r-release-linux-x86_64 0.3.0 23.27 219.06 242.33 OK
r-release-macos-arm64 0.3.0 NOTE
r-release-macos-x86_64 0.3.0 NOTE
r-release-windows-ix86+x86_64 0.3.0 14.00 271.00 285.00 OK
r-oldrel-macos-x86_64 0.3.0 NOTE
r-oldrel-windows-ix86+x86_64 0.3.0 18.00 267.00 285.00 OK

Check Details

Version: 0.3.0
Check: dependencies in R code
Result: NOTE
    Namespaces in Imports field not imported from:
     ‘plyr’ ‘simpleboot’
     All declared Imports should be used.
Flavors: r-devel-linux-x86_64-fedora-clang, r-devel-linux-x86_64-fedora-gcc, r-devel-windows-x86_64-new-TK, r-release-macos-arm64, r-release-macos-x86_64, r-oldrel-macos-x86_64