CRAN Package Check Results for Package dabestr

Last updated on 2019-08-24 05:46:55 CEST.

Flavor Version Tinstall Tcheck Ttotal Status Flags
r-devel-linux-x86_64-debian-clang 0.2.2 16.32 289.66 305.98 OK
r-devel-linux-x86_64-debian-gcc 0.2.2 13.19 206.15 219.34 OK
r-devel-linux-x86_64-fedora-clang 0.2.2 351.72 NOTE
r-devel-linux-x86_64-fedora-gcc 0.2.2 354.08 OK
r-devel-windows-ix86+x86_64 0.2.2 16.00 376.00 392.00 NOTE
r-patched-linux-x86_64 0.2.2 16.10 279.04 295.14 OK
r-patched-solaris-x86 0.2.2 505.70 NOTE
r-release-linux-x86_64 0.2.2 16.18 279.54 295.72 OK
r-release-windows-ix86+x86_64 0.2.2 21.00 504.00 525.00 NOTE
r-release-osx-x86_64 0.2.2 WARN
r-oldrel-windows-ix86+x86_64 0.2.2 14.00 422.00 436.00 ERROR
r-oldrel-osx-x86_64 0.2.2 ERROR

Check Details

Version: 0.2.2
Check: installed package size
Result: NOTE
     installed size is 6.5Mb
     sub-directories of 1Mb or more:
     doc 5.7Mb
Flavors: r-devel-linux-x86_64-fedora-clang, r-devel-windows-ix86+x86_64, r-patched-solaris-x86, r-release-windows-ix86+x86_64, r-release-osx-x86_64, r-oldrel-windows-ix86+x86_64, r-oldrel-osx-x86_64

Version: 0.2.2
Check: re-building of vignette outputs
Result: WARN
    Error(s) in re-building vignettes:
    --- re-building ‘bootstrap-confidence-intervals.Rmd’ using rmarkdown
    Warning in engine$weave(file, quiet = quiet, encoding = enc) :
     Pandoc (>= 1.12.3) and/or pandoc-citeproc not available. Falling back to R Markdown v1.
    
    Attaching package: 'dplyr'
    
    The following objects are masked from 'package:stats':
    
     filter, lag
    
    The following objects are masked from 'package:base':
    
     intersect, setdiff, setequal, union
    
    
    Attaching package: 'cowplot'
    
    The following object is masked from 'package:ggplot2':
    
     ggsave
    
    Warning: `data_frame()` is deprecated, use `tibble()`.
    This warning is displayed once per session.
    Loading required package: boot
    Loading required package: magrittr
    --- finished re-building ‘bootstrap-confidence-intervals.Rmd’
    
    --- re-building ‘robust-statistical-visualization.Rmd’ using rmarkdown
    Warning in engine$weave(file, quiet = quiet, encoding = enc) :
     Pandoc (>= 1.12.3) and/or pandoc-citeproc not available. Falling back to R Markdown v1.
    
    Attaching package: 'dplyr'
    
    The following objects are masked from 'package:stats':
    
     filter, lag
    
    The following objects are masked from 'package:base':
    
     intersect, setdiff, setequal, union
    
    Quitting from lines 110-166 (robust-statistical-visualization.Rmd)
    Error: processing vignette 'robust-statistical-visualization.Rmd' failed with diagnostics:
    polygon edge not found
    --- failed re-building ‘robust-statistical-visualization.Rmd’
    
    --- re-building ‘using-dabestr.Rmd’ using rmarkdown
    Warning in engine$weave(file, quiet = quiet, encoding = enc) :
     Pandoc (>= 1.12.3) and/or pandoc-citeproc not available. Falling back to R Markdown v1.
    
    Attaching package: 'dplyr'
    
    The following objects are masked from 'package:stats':
    
     filter, lag
    
    The following objects are masked from 'package:base':
    
     intersect, setdiff, setequal, union
    
    --- finished re-building ‘using-dabestr.Rmd’
    
    SUMMARY: processing the following file failed:
     ‘robust-statistical-visualization.Rmd’
    
    Error: Vignette re-building failed.
    Execution halted
Flavor: r-release-osx-x86_64

Version: 0.2.2
Check: tests
Result: ERROR
     Running 'testthat.R' [201s]
    Running the tests in 'tests/testthat.R' failed.
    Complete output:
     > library(testthat)
     > library(dabestr)
     Loading required package: boot
     Loading required package: magrittr
    
     Attaching package: 'magrittr'
    
     The following objects are masked from 'package:testthat':
    
     equals, is_less_than, not
    
     >
     > test_check("dabestr")
     -- 1. Failure: Using `grp` as x column is kosher (@test-unquoting.R#50) -------
     df_analysed.result$control_size not equal to 54.
     1/1 mismatches
     [1] 40 - 54 == -14
    
     -- 2. Failure: Using `grp` as x column is kosher (@test-unquoting.R#51) -------
     df_analysed.result$test_size not equal to 46.
     1/1 mismatches
     [1] 60 - 46 == 14
    
     -- 3. Failure: Using `grp` as x column is kosher (@test-unquoting.R#53) -------
     df_analysed.result$difference not equal to -0.02769726.
     1/1 mismatches
     [1] 0.0367 - -0.0277 == 0.0644
    
     -- 4. Failure: Using `grp` as x column is kosher (@test-unquoting.R#54) -------
     round(df_analysed.result$bca_ci_low, digits = 4) not equal to -0.1253.
     1/1 mismatches
     [1] -0.0725 - -0.125 == 0.0528
    
     -- 5. Failure: Using `grp` as x column is kosher (@test-unquoting.R#55) -------
     df_analysed.result$bca_ci_high not equal to 0.07162217.
     1/1 mismatches
     [1] 0.146 - 0.0716 == 0.0742
    
     == testthat results ===========================================================
     [ OK: 17 | SKIPPED: 29 | WARNINGS: 0 | FAILED: 5 ]
     1. Failure: Using `grp` as x column is kosher (@test-unquoting.R#50)
     2. Failure: Using `grp` as x column is kosher (@test-unquoting.R#51)
     3. Failure: Using `grp` as x column is kosher (@test-unquoting.R#53)
     4. Failure: Using `grp` as x column is kosher (@test-unquoting.R#54)
     5. Failure: Using `grp` as x column is kosher (@test-unquoting.R#55)
    
     Error: testthat unit tests failed
     Execution halted
Flavor: r-oldrel-windows-ix86+x86_64

Version: 0.2.2
Check: tests
Result: ERROR
     Running ‘testthat.R’ [104s/104s]
    Running the tests in ‘tests/testthat.R’ failed.
    Last 13 lines of output:
     ── 5. Failure: Using `grp` as x column is kosher (@test-unquoting.R#55) ───────
     df_analysed.result$bca_ci_high not equal to 0.07162217.
     1/1 mismatches
     [1] 0.146 - 0.0716 == 0.0742
    
     ══ testthat results ═══════════════════════════════════════════════════════════
     [ OK: 17 | SKIPPED: 29 | WARNINGS: 0 | FAILED: 5 ]
     1. Failure: Using `grp` as x column is kosher (@test-unquoting.R#50)
     2. Failure: Using `grp` as x column is kosher (@test-unquoting.R#51)
     3. Failure: Using `grp` as x column is kosher (@test-unquoting.R#53)
     4. Failure: Using `grp` as x column is kosher (@test-unquoting.R#54)
     5. Failure: Using `grp` as x column is kosher (@test-unquoting.R#55)
    
     Error: testthat unit tests failed
     Execution halted
Flavor: r-oldrel-osx-x86_64

Version: 0.2.2
Check: re-building of vignette outputs
Result: WARN
    Error in re-building vignettes:
     ...
    
     filter, lag
    
    The following objects are masked from 'package:base':
    
     intersect, setdiff, setequal, union
    
    
    ********************************************************
    Note: As of version 1.0.0, cowplot does not change the
     default ggplot2 theme anymore. To recover the previous
     behavior, execute:
     theme_set(theme_cowplot())
    ********************************************************
    
    Warning: `data_frame()` is deprecated, use `tibble()`.
    This warning is displayed once per session.
    Loading required package: boot
    Loading required package: magrittr
    Warning in engine$weave(file, quiet = quiet, encoding = enc) :
     Pandoc (>= 1.12.3) and/or pandoc-citeproc not available. Falling back to R Markdown v1.
    Quitting from lines 110-166 (robust-statistical-visualization.Rmd)
    Error: processing vignette 'robust-statistical-visualization.Rmd' failed with diagnostics:
    polygon edge not found
    Execution halted
Flavor: r-oldrel-osx-x86_64