CRAN Package Check Results for Package dados

Last updated on 2024-06-25 07:06:17 CEST.

Flavor Version Tinstall Tcheck Ttotal Status Flags
r-devel-linux-x86_64-debian-clang 0.1.0 7.31 90.23 97.54 OK
r-devel-linux-x86_64-debian-gcc 0.1.0 5.16 68.44 73.60 OK
r-devel-linux-x86_64-fedora-clang 0.1.0 120.46 NOTE
r-devel-linux-x86_64-fedora-gcc 0.1.0 126.50 NOTE
r-devel-windows-x86_64 0.1.0 6.00 91.00 97.00 OK
r-patched-linux-x86_64 0.1.0 7.19 84.63 91.82 OK
r-release-linux-x86_64 0.1.0 5.15 86.50 91.65 OK
r-release-macos-arm64 0.1.0 41.00 OK
r-release-macos-x86_64 0.1.0 64.00 OK
r-release-windows-x86_64 0.1.0 8.00 88.00 96.00 OK
r-oldrel-macos-arm64 0.1.0 44.00 OK
r-oldrel-macos-x86_64 0.1.0 69.00 OK
r-oldrel-windows-x86_64 0.1.0 9.00 103.00 112.00 OK

Check Details

Version: 0.1.0
Check: data for non-ASCII characters
Result: NOTE Note: found 109157 marked UTF-8 strings Flavors: r-devel-linux-x86_64-fedora-clang, r-devel-linux-x86_64-fedora-gcc