CRAN Package Check Results for Package dafishr

Last updated on 2024-06-13 06:57:58 CEST.

Flavor Version Tinstall Tcheck Ttotal Status Flags
r-devel-linux-x86_64-debian-clang 1.0.0 8.72 75.43 84.15 OK
r-devel-linux-x86_64-debian-gcc 1.0.0 0.45 1.85 2.30 ERROR
r-devel-linux-x86_64-fedora-clang 1.0.0 103.69 NOTE
r-devel-linux-x86_64-fedora-gcc 1.0.0 109.38 NOTE
r-devel-windows-x86_64 1.0.0 8.00 77.00 85.00 OK
r-patched-linux-x86_64 1.0.0 7.24 72.99 80.23 OK
r-release-linux-x86_64 1.0.0 7.65 72.27 79.92 OK
r-release-macos-arm64 1.0.0 43.00 OK
r-release-macos-x86_64 1.0.0 63.00 OK
r-release-windows-x86_64 1.0.0 10.00 78.00 88.00 OK
r-oldrel-macos-arm64 1.0.0 42.00 OK
r-oldrel-macos-x86_64 1.0.0 63.00 OK
r-oldrel-windows-x86_64 1.0.0 12.00 89.00 101.00 OK

Check Details

Version: 1.0.0
Check: package dependencies
Result: ERROR Packages required but not available: 'dplyr', 'ggplot2', 'lubridate', 'mixtools', 'readr', 'readxl', 'stringr', 'tibble', 'tidyr', 'tidyselect', 'vroom' Package suggested but not available for checking: ‘testthat’ See section ‘The DESCRIPTION file’ in the ‘Writing R Extensions’ manual. Flavor: r-devel-linux-x86_64-debian-gcc

Version: 1.0.0
Check: data for non-ASCII characters
Result: NOTE Note: found 2020 marked UTF-8 strings Flavors: r-devel-linux-x86_64-fedora-clang, r-devel-linux-x86_64-fedora-gcc