Last updated on 2023-02-02 06:03:22 CET.
Flavor | Version | Tinstall | Tcheck | Ttotal | Status | Flags |
---|---|---|---|---|---|---|
r-devel-linux-x86_64-debian-clang | 0.2.0 | 4.89 | 51.76 | 56.65 | OK | |
r-devel-linux-x86_64-debian-gcc | 0.2.0 | 3.53 | 38.66 | 42.19 | OK | |
r-devel-linux-x86_64-fedora-clang | 0.2.0 | 70.47 | OK | |||
r-devel-linux-x86_64-fedora-gcc | 0.2.0 | 77.27 | OK | |||
r-devel-windows-x86_64 | 0.2.0 | 20.00 | 97.00 | 117.00 | OK | |
r-patched-linux-x86_64 | 0.2.0 | 4.78 | 46.96 | 51.74 | ERROR | |
r-release-linux-x86_64 | 0.2.0 | 5.04 | 50.95 | 55.99 | OK | |
r-release-macos-arm64 | 0.2.0 | 58.00 | OK | |||
r-release-macos-x86_64 | 0.2.0 | 89.00 | OK | |||
r-release-windows-x86_64 | 0.2.0 | 17.00 | 103.00 | 120.00 | OK | |
r-oldrel-macos-arm64 | 0.2.0 | 57.00 | OK | |||
r-oldrel-macos-x86_64 | 0.2.0 | 67.00 | OK | |||
r-oldrel-windows-ix86+x86_64 | 0.2.0 | 11.00 | 92.00 | 103.00 | OK |
Version: 0.2.0
Check: re-building of vignette outputs
Result: ERROR
Error(s) in re-building vignettes:
...
--- re-building ‘Introduction_to_danstat.Rmd’ using rmarkdown
Quitting from lines 36-37 (Introduction_to_danstat.Rmd)
Error: processing vignette ‘Introduction_to_danstat.Rmd’ failed with diagnostics:
Recv failure: Connection reset by peer
--- failed re-building ‘Introduction_to_danstat.Rmd’
SUMMARY: processing the following file failed:
‘Introduction_to_danstat.Rmd’
Error: Vignette re-building failed.
Execution halted
Flavor: r-patched-linux-x86_64