CRAN Package Check Results for Package datastructures

Last updated on 2022-01-22 05:10:14 CET.

Flavor Version Tinstall Tcheck Ttotal Status Flags
r-devel-linux-x86_64-debian-clang 0.2.9 170.56 153.39 323.95 OK
r-devel-linux-x86_64-debian-gcc 0.2.9 154.00 116.56 270.56 OK
r-devel-linux-x86_64-fedora-clang 0.2.9 469.83 NOTE
r-devel-linux-x86_64-fedora-gcc 0.2.9 464.29 NOTE
r-devel-windows-x86_64-new-UL 0.2.9 348.00 217.00 565.00 OK
r-devel-windows-x86_64-new-TK 0.2.9 OK
r-patched-linux-x86_64 0.2.9 183.76 151.20 334.96 OK
r-release-linux-x86_64 0.2.9 176.31 149.47 325.78 OK
r-release-macos-arm64 0.2.9 NOTE
r-release-macos-x86_64 0.2.9 NOTE
r-release-windows-ix86+x86_64 0.2.9 387.00 271.00 658.00 NOTE
r-oldrel-macos-x86_64 0.2.9 NOTE
r-oldrel-windows-ix86+x86_64 0.2.9 403.00 277.00 680.00 NOTE

Check Details

Version: 0.2.9
Check: installed package size
Result: NOTE
     installed size is 42.5Mb
     sub-directories of 1Mb or more:
     libs 41.6Mb
Flavors: r-devel-linux-x86_64-fedora-clang, r-release-macos-arm64, r-release-macos-x86_64, r-release-windows-ix86+x86_64, r-oldrel-macos-x86_64, r-oldrel-windows-ix86+x86_64

Version: 0.2.9
Check: top-level files
Result: NOTE
    ‘cleanup’: ‘env bash’ is not portable as bash need not be installed
Flavors: r-devel-linux-x86_64-fedora-clang, r-devel-linux-x86_64-fedora-gcc