CRAN Package Check Results for Package datos

Last updated on 2021-09-26 05:51:04 CEST.

Flavor Version Tinstall Tcheck Ttotal Status Flags
r-devel-linux-x86_64-debian-clang 0.3.0 6.15 101.87 108.02 OK
r-devel-linux-x86_64-debian-gcc 0.3.0 4.42 83.82 88.24 OK
r-devel-linux-x86_64-fedora-clang 0.3.0 133.43 NOTE
r-devel-linux-x86_64-fedora-gcc 0.3.0 122.49 NOTE
r-devel-windows-x86_64 0.3.0 8.00 98.00 106.00 OK
r-devel-windows-x86_64-gcc10-UCRT 0.3.0 NOTE
r-patched-linux-x86_64 0.3.0 5.54 94.89 100.43 OK
r-patched-solaris-x86 0.3.0 200.30 NOTE
r-release-linux-x86_64 0.3.0 4.64 95.18 99.82 OK
r-release-macos-arm64 0.3.0 NOTE
r-release-macos-x86_64 0.3.0 NOTE
r-release-windows-ix86+x86_64 0.3.0 14.00 96.00 110.00 OK
r-oldrel-macos-x86_64 0.3.0 NOTE
r-oldrel-windows-ix86+x86_64 0.3.0 10.00 93.00 103.00 OK

Check Details

Version: 0.3.0
Check: data for non-ASCII characters
Result: NOTE
     Note: found 54313 marked UTF-8 strings
Flavors: r-devel-linux-x86_64-fedora-clang, r-devel-linux-x86_64-fedora-gcc, r-devel-windows-x86_64-gcc10-UCRT, r-patched-solaris-x86, r-release-macos-arm64, r-release-macos-x86_64, r-oldrel-macos-x86_64