Last updated on 2023-02-05 05:51:55 CET.
Flavor | Version | Tinstall | Tcheck | Ttotal | Status | Flags |
---|---|---|---|---|---|---|
r-devel-linux-x86_64-debian-clang | 1.0.0 | 2.19 | 106.77 | 108.96 | OK | |
r-devel-linux-x86_64-debian-gcc | 1.0.0 | 1.76 | 79.90 | 81.66 | OK | |
r-devel-linux-x86_64-fedora-clang | 1.0.0 | 132.70 | NOTE | |||
r-devel-linux-x86_64-fedora-gcc | 1.0.0 | 136.86 | NOTE | |||
r-devel-windows-x86_64 | 1.0.0 | 24.00 | 159.00 | 183.00 | OK | |
r-patched-linux-x86_64 | 1.0.0 | 2.22 | 100.94 | 103.16 | OK | |
r-release-linux-x86_64 | 1.0.0 | 2.37 | 104.97 | 107.34 | OK | |
r-release-macos-arm64 | 1.0.0 | 52.00 | NOTE | |||
r-release-macos-x86_64 | 1.0.0 | 83.00 | NOTE | |||
r-release-windows-x86_64 | 1.0.0 | 29.00 | 177.00 | 206.00 | OK | |
r-oldrel-macos-arm64 | 1.0.0 | 55.00 | NOTE | |||
r-oldrel-macos-x86_64 | 1.0.0 | 125.00 | NOTE | |||
r-oldrel-windows-ix86+x86_64 | 1.0.0 | 5.00 | 145.00 | 150.00 | OK |
Version: 1.0.0
Check: data for non-ASCII characters
Result: NOTE
Note: found 1 marked Latin-1 string
Note: found 360 marked UTF-8 strings
Flavors: r-devel-linux-x86_64-fedora-clang, r-devel-linux-x86_64-fedora-gcc, r-release-macos-arm64, r-release-macos-x86_64, r-oldrel-macos-arm64, r-oldrel-macos-x86_64