CRAN Package Check Results for Package dbglm

Last updated on 2021-10-16 05:51:18 CEST.

Flavor Version Tinstall Tcheck Ttotal Status Flags
r-devel-linux-x86_64-debian-clang 1.0.0 5.98 49.97 55.95 OK
r-devel-linux-x86_64-debian-gcc 1.0.0 4.48 37.79 42.27 OK
r-devel-linux-x86_64-fedora-clang 1.0.0 79.42 NOTE
r-devel-linux-x86_64-fedora-gcc 1.0.0 64.92 NOTE
r-devel-windows-x86_64 1.0.0 20.00 54.00 74.00 OK
r-devel-windows-x86_64-gcc10-UCRT 1.0.0 NOTE
r-patched-linux-x86_64 1.0.0 5.85 47.47 53.32 OK
r-patched-solaris-x86 1.0.0 101.10 NOTE
r-release-linux-x86_64 1.0.0 5.37 47.57 52.94 OK
r-release-macos-arm64 1.0.0 NOTE
r-release-macos-x86_64 1.0.0 NOTE
r-release-windows-ix86+x86_64 1.0.0 16.00 71.00 87.00 OK
r-oldrel-macos-x86_64 1.0.0 NOTE
r-oldrel-windows-ix86+x86_64 1.0.0 15.00 72.00 87.00 OK

Check Details

Version: 1.0.0
Check: dependencies in R code
Result: NOTE
    Namespaces in Imports field not imported from:
     ‘knitr’ ‘tidyverse’ ‘vctrs’
     All declared Imports should be used.
Flavors: r-devel-linux-x86_64-fedora-clang, r-devel-linux-x86_64-fedora-gcc, r-devel-windows-x86_64-gcc10-UCRT, r-patched-solaris-x86, r-release-macos-arm64, r-release-macos-x86_64, r-oldrel-macos-x86_64