CRAN Package Check Results for Package dblr

Last updated on 2021-06-13 05:51:03 CEST.

Flavor Version Tinstall Tcheck Ttotal Status Flags
r-devel-linux-x86_64-debian-clang 0.1.0 7.51 68.09 75.60 NOTE
r-devel-linux-x86_64-debian-gcc 0.1.0 6.14 50.34 56.48 NOTE
r-devel-linux-x86_64-fedora-clang 0.1.0 97.19 NOTE
r-devel-linux-x86_64-fedora-gcc 0.1.0 86.79 NOTE
r-devel-windows-x86_64 0.1.0 12.00 77.00 89.00 NOTE
r-devel-windows-x86_64-gcc10-UCRT 0.1.0 NOTE
r-patched-linux-x86_64 0.1.0 7.09 62.49 69.58 NOTE
r-patched-solaris-x86 0.1.0 131.50 NOTE
r-release-linux-x86_64 0.1.0 6.93 66.47 73.40 NOTE
r-release-macos-arm64 0.1.0 NOTE
r-release-macos-x86_64 0.1.0 NOTE
r-release-windows-ix86+x86_64 0.1.0 16.00 82.00 98.00 NOTE
r-oldrel-macos-x86_64 0.1.0 OK
r-oldrel-windows-ix86+x86_64 0.1.0 15.00 83.00 98.00 OK

Check Details

Version: 0.1.0
Check: LazyData
Result: NOTE
     'LazyData' is specified without a 'data' directory
Flavors: r-devel-linux-x86_64-debian-clang, r-devel-linux-x86_64-debian-gcc, r-devel-linux-x86_64-fedora-clang, r-devel-linux-x86_64-fedora-gcc, r-devel-windows-x86_64, r-devel-windows-x86_64-gcc10-UCRT, r-patched-linux-x86_64, r-patched-solaris-x86, r-release-linux-x86_64, r-release-macos-arm64, r-release-macos-x86_64, r-release-windows-ix86+x86_64