CRAN Package Check Results for Package dbplyr

Last updated on 2019-10-15 05:47:43 CEST.

Flavor Version Tinstall Tcheck Ttotal Status Flags
r-devel-linux-x86_64-debian-clang 1.4.2 11.00 95.07 106.07 OK
r-devel-linux-x86_64-debian-gcc 1.4.2 10.00 74.57 84.57 OK
r-devel-linux-x86_64-fedora-clang 1.4.2 120.40 ERROR
r-devel-linux-x86_64-fedora-gcc 1.4.2 119.78 ERROR
r-devel-windows-ix86+x86_64 1.4.2 19.00 110.00 129.00 OK
r-patched-linux-x86_64 1.4.2 10.02 92.83 102.85 OK
r-patched-solaris-x86 1.4.2 170.60 OK
r-release-linux-x86_64 1.4.2 11.12 92.89 104.01 OK
r-release-windows-ix86+x86_64 1.4.2 29.00 112.00 141.00 OK
r-release-osx-x86_64 1.4.2 OK
r-oldrel-windows-ix86+x86_64 1.4.2 14.00 95.00 109.00 OK
r-oldrel-osx-x86_64 1.4.2 OK

Check Details

Version: 1.4.2
Check: tests
Result: ERROR
     Running ‘testthat.R’
    Running the tests in ‘tests/testthat.R’ failed.
    Complete output:
     > library(testthat)
     > library(dbplyr)
     >
     > test_check("dbplyr")
     Registering testing src: df OK
     Registering testing src: sqlite OK
     Registering testing src: mysql OK
     Registering testing src: MariaDB
     *** caught segfault ***
     address 0x1f31, cause 'memory not mapped'
    
     Traceback:
     1: result_release(res@ptr)
     2: dbClearResult(rs)
     3: dbClearResult(rs)
     4: dbExecute(con, "SET time_zone = '+00:00'")
     5: dbExecute(con, "SET time_zone = '+00:00'")
     6: .local(drv, ...)
     7: DBI::dbConnect(...)
     8: DBI::dbConnect(...)
     9: paste0("src_", class(con)[[1]])
     10: src_dbi(DBI::dbConnect(...), auto_disconnect = TRUE)
     11: test_srcs$add(name, src)
     12: doTryCatch(return(expr), name, parentenv, handler)
     13: tryCatchOne(expr, names, parentenv, handlers[[1L]])
     14: tryCatchList(expr, classes, parentenv, handlers)
     15: tryCatch({ test_srcs$add(name, src) message("OK")}, error = function(e) message("\n* ", conditionMessage(e)))
     16: test_register_src(name, src_dbi(DBI::dbConnect(...), auto_disconnect = TRUE))
     17: test_register_con("MariaDB", RMariaDB::MariaDB(), dbname = "test", host = "localhost", user = Sys.getenv("USER"))
     18: eval(exprs, env)
     19: eval(exprs, env)
     20: FUN(X[[i]], ...)
     21: lapply(files, source_file, env = env, chdir = chdir, wrap = wrap)
     22: source_dir(path, "^helper.*\\.[rR]$", env = env, wrap = FALSE)
     23: source_test_helpers(path, env)
     24: test_dir(path = test_path, reporter = reporter, env = env, filter = filter, ..., stop_on_failure = stop_on_failure, stop_on_warning = stop_on_warning, wrap = wrap)
     25: test_package_dir(package = package, test_path = test_path, filter = filter, reporter = reporter, ..., stop_on_failure = stop_on_failure, stop_on_warning = stop_on_warning, wrap = wrap)
     26: test_check("dbplyr")
     An irrecoverable exception occurred. R is aborting now ...
Flavor: r-devel-linux-x86_64-fedora-clang

Version: 1.4.2
Check: tests
Result: ERROR
     Running ‘testthat.R’
    Running the tests in ‘tests/testthat.R’ failed.
    Complete output:
     > library(testthat)
     > library(dbplyr)
     >
     > test_check("dbplyr")
     Registering testing src: df OK
     Registering testing src: sqlite OK
     Registering testing src: mysql OK
     Registering testing src: MariaDB
     *** caught segfault ***
     address 0x31, cause 'memory not mapped'
    
     Traceback:
     1: result_release(res@ptr)
     2: dbClearResult(rs)
     3: dbClearResult(rs)
     4: dbExecute(con, "SET time_zone = '+00:00'")
     5: dbExecute(con, "SET time_zone = '+00:00'")
     6: .local(drv, ...)
     7: DBI::dbConnect(...)
     8: DBI::dbConnect(...)
     9: paste0("src_", class(con)[[1]])
     10: src_dbi(DBI::dbConnect(...), auto_disconnect = TRUE)
     11: test_srcs$add(name, src)
     12: doTryCatch(return(expr), name, parentenv, handler)
     13: tryCatchOne(expr, names, parentenv, handlers[[1L]])
     14: tryCatchList(expr, classes, parentenv, handlers)
     15: tryCatch({ test_srcs$add(name, src) message("OK")}, error = function(e) message("\n* ", conditionMessage(e)))
     16: test_register_src(name, src_dbi(DBI::dbConnect(...), auto_disconnect = TRUE))
     17: test_register_con("MariaDB", RMariaDB::MariaDB(), dbname = "test", host = "localhost", user = Sys.getenv("USER"))
     18: eval(exprs, env)
     19: eval(exprs, env)
     20: FUN(X[[i]], ...)
     21: lapply(files, source_file, env = env, chdir = chdir, wrap = wrap)
     22: source_dir(path, "^helper.*\\.[rR]$", env = env, wrap = FALSE)
     23: source_test_helpers(path, env)
     24: test_dir(path = test_path, reporter = reporter, env = env, filter = filter, ..., stop_on_failure = stop_on_failure, stop_on_warning = stop_on_warning, wrap = wrap)
     25: test_package_dir(package = package, test_path = test_path, filter = filter, reporter = reporter, ..., stop_on_failure = stop_on_failure, stop_on_warning = stop_on_warning, wrap = wrap)
     26: test_check("dbplyr")
     An irrecoverable exception occurred. R is aborting now ...
Flavor: r-devel-linux-x86_64-fedora-gcc