CRAN Package Check Results for Package dbscan

Last updated on 2019-07-16 05:48:09 CEST.

Flavor Version Tinstall Tcheck Ttotal Status Flags
r-devel-linux-x86_64-debian-clang 1.1-3 115.17 86.05 201.22 OK
r-devel-linux-x86_64-debian-gcc 1.1-3 89.20 65.81 155.01 OK
r-devel-linux-x86_64-fedora-clang 1.1-3 296.59 NOTE
r-devel-linux-x86_64-fedora-gcc 1.1-3 274.74 OK
r-devel-windows-ix86+x86_64 1.1-3 324.00 201.00 525.00 NOTE
r-patched-linux-x86_64 1.1-3 106.30 83.92 190.22 OK
r-patched-solaris-x86 1.1-3 295.10 OK
r-release-linux-x86_64 1.1-3 106.90 83.45 190.35 OK
r-release-windows-ix86+x86_64 1.1-3 257.00 193.00 450.00 NOTE
r-release-osx-x86_64 1.1-3 NOTE
r-oldrel-windows-ix86+x86_64 1.1-3 323.00 142.00 465.00 NOTE
r-oldrel-osx-x86_64 1.1-3 NOTE

Check Details

Version: 1.1-3
Check: installed package size
Result: NOTE
     installed size is 9.1Mb
     sub-directories of 1Mb or more:
     doc 2.4Mb
     libs 6.3Mb
Flavors: r-devel-linux-x86_64-fedora-clang, r-devel-windows-ix86+x86_64, r-release-windows-ix86+x86_64, r-release-osx-x86_64, r-oldrel-windows-ix86+x86_64, r-oldrel-osx-x86_64