CRAN Package Check Results for Package dclone

Last updated on 2019-05-23 05:48:55 CEST.

Flavor Version Tinstall Tcheck Ttotal Status Flags
r-devel-linux-x86_64-debian-clang 2.3-0 11.63 92.83 104.46 OK
r-devel-linux-x86_64-debian-gcc 2.3-0 9.43 71.29 80.72 OK
r-devel-linux-x86_64-fedora-clang 2.3-0 121.46 OK
r-devel-linux-x86_64-fedora-gcc 2.3-0 117.23 OK
r-devel-windows-ix86+x86_64 2.3-0 24.00 147.00 171.00 OK
r-patched-linux-x86_64 2.3-0 11.82 89.28 101.10 OK
r-patched-solaris-x86 2.3-0 187.50 NOTE
r-release-linux-x86_64 2.3-0 11.63 89.56 101.19 OK
r-release-windows-ix86+x86_64 2.3-0 40.00 114.00 154.00 OK
r-release-osx-x86_64 2.3-0 NOTE
r-oldrel-windows-ix86+x86_64 2.3-0 16.00 105.00 121.00 OK
r-oldrel-osx-x86_64 2.3-0 NOTE

Check Details

Version: 2.3-0
Check: package dependencies
Result: NOTE
    Package suggested but not available for checking: ‘BRugs’
Flavors: r-patched-solaris-x86, r-release-osx-x86_64, r-oldrel-osx-x86_64