Last updated on 2022-08-19 05:52:47 CEST.
Flavor | Version | Tinstall | Tcheck | Ttotal | Status | Flags |
---|---|---|---|---|---|---|
r-devel-linux-x86_64-debian-clang | 2.3-0 | 20.09 | 153.72 | 173.81 | OK | |
r-devel-linux-x86_64-debian-gcc | 2.3-0 | 11.68 | 114.66 | 126.34 | OK | |
r-devel-linux-x86_64-fedora-clang | 2.3-0 | 216.01 | OK | |||
r-devel-linux-x86_64-fedora-gcc | 2.3-0 | 217.73 | OK | |||
r-devel-windows-x86_64 | 2.3-0 | 41.00 | 186.00 | 227.00 | NOTE | |
r-patched-linux-x86_64 | 2.3-0 | 20.59 | 143.22 | 163.81 | OK | |
r-release-linux-x86_64 | 2.3-0 | OK | ||||
r-release-macos-arm64 | 2.3-0 | 70.00 | NOTE | |||
r-release-macos-x86_64 | 2.3-0 | 89.00 | NOTE | |||
r-release-windows-x86_64 | 2.3-0 | 33.00 | 185.00 | 218.00 | NOTE | |
r-oldrel-macos-arm64 | 2.3-0 | 52.00 | NOTE | |||
r-oldrel-macos-x86_64 | 2.3-0 | 113.00 | NOTE | |||
r-oldrel-windows-ix86+x86_64 | 2.3-0 | 39.00 | 167.00 | 206.00 | OK |
Version: 2.3-0
Check: package dependencies
Result: NOTE
Package suggested but not available for checking: 'BRugs'
Flavors: r-devel-windows-x86_64, r-release-macos-arm64, r-release-macos-x86_64, r-release-windows-x86_64, r-oldrel-macos-arm64, r-oldrel-macos-x86_64