CRAN Package Check Results for Package dclone

Last updated on 2019-07-16 05:48:10 CEST.

Flavor Version Tinstall Tcheck Ttotal Status Flags
r-devel-linux-x86_64-debian-clang 2.3-0 11.74 93.42 105.16 OK
r-devel-linux-x86_64-debian-gcc 2.3-0 9.36 72.50 81.86 OK
r-devel-linux-x86_64-fedora-clang 2.3-0 129.48 OK
r-devel-linux-x86_64-fedora-gcc 2.3-0 122.61 OK
r-devel-windows-ix86+x86_64 2.3-0 38.00 109.00 147.00 OK
r-patched-linux-x86_64 2.3-0 11.76 92.73 104.49 OK
r-patched-solaris-x86 2.3-0 207.10 NOTE
r-release-linux-x86_64 2.3-0 12.59 89.80 102.39 OK
r-release-windows-ix86+x86_64 2.3-0 24.00 113.00 137.00 OK
r-release-osx-x86_64 2.3-0 NOTE
r-oldrel-windows-ix86+x86_64 2.3-0 25.00 145.00 170.00 OK
r-oldrel-osx-x86_64 2.3-0 NOTE

Check Details

Version: 2.3-0
Check: package dependencies
Result: NOTE
    Package suggested but not available for checking: ‘BRugs’
Flavors: r-patched-solaris-x86, r-release-osx-x86_64, r-oldrel-osx-x86_64