CRAN Package Check Results for Package dcortools

Last updated on 2021-12-06 05:53:07 CET.

Flavor Version Tinstall Tcheck Ttotal Status Flags
r-devel-linux-x86_64-debian-clang 0.1.2 58.61 66.22 124.83 OK
r-devel-linux-x86_64-debian-gcc 0.1.2 49.29 51.05 100.34 OK
r-devel-linux-x86_64-fedora-clang 0.1.2 185.36 OK
r-devel-linux-x86_64-fedora-gcc 0.1.2 171.26 OK
r-devel-windows-x86_64-new-UL 0.1.2 89.00 128.00 217.00 OK
r-devel-windows-x86_64-new-TK 0.1.2 OK
r-devel-windows-x86_64-old 0.1.2 89.00 78.00 167.00 OK
r-patched-linux-x86_64 0.1.2 53.57 56.36 109.93 OK
r-release-linux-x86_64 0.1.2 45.51 62.98 108.49 OK
r-release-macos-arm64 0.1.2 WARN
r-release-macos-x86_64 0.1.2 WARN
r-release-windows-ix86+x86_64 0.1.2 163.00 107.00 270.00 OK
r-oldrel-macos-x86_64 0.1.2 WARN
r-oldrel-windows-ix86+x86_64 0.1.2 162.00 108.00 270.00 OK

Check Details

Version: 0.1.2
Check: compiled code
Result: WARN
    File ‘dcortools/libs/dcortools.so’:
     Found ‘___assert_rtn’, possibly from ‘assert’ (C)
     Objects: ‘RcppExports.o’, ‘matrix_vector_operations.o’
    
    Compiled code should not call entry points which might terminate R nor
    write to stdout/stderr instead of to the console, nor use Fortran I/O
    nor system RNGs.
    
    See ‘Writing portable packages’ in the ‘Writing R Extensions’ manual.
Flavors: r-release-macos-arm64, r-release-macos-x86_64, r-oldrel-macos-x86_64