CRAN Package Check Results for Package ddpcr

Last updated on 2019-09-20 05:46:52 CEST.

Flavor Version Tinstall Tcheck Ttotal Status Flags
r-devel-linux-x86_64-debian-clang 1.11 7.59 104.54 112.13 OK
r-devel-linux-x86_64-debian-gcc 1.11 5.27 78.40 83.67 OK
r-devel-linux-x86_64-fedora-clang 1.11 131.27 OK
r-devel-linux-x86_64-fedora-gcc 1.11 131.63 OK
r-devel-windows-ix86+x86_64 1.11 19.00 129.00 148.00 OK
r-patched-linux-x86_64 1.11 5.82 102.50 108.32 OK
r-patched-solaris-x86 1.11 199.20 NOTE
r-release-linux-x86_64 1.11 6.41 102.95 109.36 OK
r-release-windows-ix86+x86_64 1.11 10.00 133.00 143.00 OK
r-release-osx-x86_64 1.11 OK
r-oldrel-windows-ix86+x86_64 1.11 10.00 117.00 127.00 OK
r-oldrel-osx-x86_64 1.11 OK

Check Details

Version: 1.11
Check: installed package size
Result: NOTE
     installed size is 5.7Mb
     sub-directories of 1Mb or more:
     sample_data 3.6Mb
Flavor: r-patched-solaris-x86