CRAN Package Check Results for Package deTS

Last updated on 2019-08-21 05:46:50 CEST.

Flavor Version Tinstall Tcheck Ttotal Status Flags
r-devel-linux-x86_64-debian-clang 1.0 3.31 54.86 58.17 OK
r-devel-linux-x86_64-debian-gcc 1.0 2.89 43.88 46.77 OK
r-devel-linux-x86_64-fedora-clang 1.0 72.46 NOTE
r-devel-linux-x86_64-fedora-gcc 1.0 67.84 NOTE
r-devel-windows-ix86+x86_64 1.0 13.00 95.00 108.00 OK
r-patched-linux-x86_64 1.0 2.97 52.44 55.41 OK
r-patched-solaris-x86 1.0 110.50 NOTE
r-release-linux-x86_64 1.0 2.81 52.05 54.86 OK
r-release-windows-ix86+x86_64 1.0 6.00 72.00 78.00 OK
r-release-osx-x86_64 1.0 NOTE
r-oldrel-windows-ix86+x86_64 1.0 5.00 83.00 88.00 OK
r-oldrel-osx-x86_64 1.0 NOTE

Check Details

Version: 1.0
Check: dependencies in R code
Result: NOTE
    Namespace in Imports field not imported from: ‘RColorBrewer’
     All declared Imports should be used.
Flavors: r-devel-linux-x86_64-fedora-clang, r-devel-linux-x86_64-fedora-gcc, r-patched-solaris-x86, r-release-osx-x86_64, r-oldrel-osx-x86_64

Version: 1.0
Check: installed package size
Result: NOTE
     installed size is 5.1Mb
     sub-directories of 1Mb or more:
     data 5.0Mb
Flavor: r-patched-solaris-x86