CRAN Package Check Results for Package deTS

Last updated on 2019-12-09 05:47:10 CET.

Flavor Version Tinstall Tcheck Ttotal Status Flags
r-devel-linux-x86_64-debian-clang 1.0 3.04 56.16 59.20 OK
r-devel-linux-x86_64-debian-gcc 1.0 2.34 43.69 46.03 OK
r-devel-linux-x86_64-fedora-clang 1.0 72.18 NOTE
r-devel-linux-x86_64-fedora-gcc 1.0 66.70 NOTE
r-devel-windows-ix86+x86_64 1.0 7.00 88.00 95.00 OK
r-devel-windows-ix86+x86_64-gcc8 1.0 7.00 65.00 72.00 OK
r-patched-linux-x86_64 1.0 2.87 52.24 55.11 OK
r-patched-solaris-x86 1.0 97.30 NOTE
r-release-linux-x86_64 1.0 2.53 52.47 55.00 OK
r-release-windows-ix86+x86_64 1.0 8.00 61.00 69.00 OK
r-release-osx-x86_64 1.0 NOTE
r-oldrel-windows-ix86+x86_64 1.0 4.00 85.00 89.00 OK
r-oldrel-osx-x86_64 1.0 NOTE

Check Details

Version: 1.0
Check: dependencies in R code
Result: NOTE
    Namespace in Imports field not imported from: ‘RColorBrewer’
     All declared Imports should be used.
Flavors: r-devel-linux-x86_64-fedora-clang, r-devel-linux-x86_64-fedora-gcc, r-patched-solaris-x86, r-release-osx-x86_64, r-oldrel-osx-x86_64

Version: 1.0
Check: installed package size
Result: NOTE
     installed size is 5.1Mb
     sub-directories of 1Mb or more:
     data 5.0Mb
Flavor: r-patched-solaris-x86