CRAN Package Check Results for Package decor

Last updated on 2024-06-13 06:57:58 CEST.

Flavor Version Tinstall Tcheck Ttotal Status Flags
r-devel-linux-x86_64-debian-clang 1.0.2 8.84 38.66 47.50 OK
r-devel-linux-x86_64-debian-gcc 1.0.2 0.34 1.72 2.06 ERROR
r-devel-linux-x86_64-fedora-clang 1.0.2 61.39 OK
r-devel-linux-x86_64-fedora-gcc 1.0.2 57.24 OK
r-devel-windows-x86_64 1.0.2 10.00 64.00 74.00 OK
r-patched-linux-x86_64 1.0.2 5.74 38.26 44.00 OK
r-release-linux-x86_64 1.0.2 7.73 38.66 46.39 OK
r-release-macos-arm64 1.0.2 23.00 OK
r-release-macos-x86_64 1.0.2 34.00 OK
r-release-windows-x86_64 1.0.2 10.00 65.00 75.00 OK
r-oldrel-macos-arm64 1.0.2 22.00 OK
r-oldrel-macos-x86_64 1.0.2 42.00 OK
r-oldrel-windows-x86_64 1.0.2 12.00 73.00 85.00 OK

Check Details

Version: 1.0.2
Check: package dependencies
Result: ERROR Packages required but not available: 'tibble', 'vctrs' Package suggested but not available for checking: ‘testthat’ See section ‘The DESCRIPTION file’ in the ‘Writing R Extensions’ manual. Flavor: r-devel-linux-x86_64-debian-gcc