CRAN Package Check Results for Package deepnet

Last updated on 2022-01-21 05:52:06 CET.

Flavor Version Tinstall Tcheck Ttotal Status Flags
r-devel-linux-x86_64-debian-clang 0.2 NOTE
r-devel-linux-x86_64-debian-gcc 0.2 1.94 25.39 27.33 NOTE
r-devel-linux-x86_64-fedora-clang 0.2 43.73 NOTE
r-devel-linux-x86_64-fedora-gcc 0.2 32.36 NOTE
r-devel-windows-x86_64-new-UL 0.2 17.00 52.00 69.00 NOTE
r-devel-windows-x86_64-new-TK 0.2 NOTE
r-patched-linux-x86_64 0.2 2.29 31.72 34.01 NOTE
r-release-linux-x86_64 0.2 2.83 31.21 34.04 NOTE
r-release-macos-arm64 0.2 NOTE
r-release-macos-x86_64 0.2 NOTE
r-release-windows-ix86+x86_64 0.2 5.00 29.00 34.00 NOTE
r-oldrel-macos-x86_64 0.2 NOTE
r-oldrel-windows-ix86+x86_64 0.2 4.00 29.00 33.00 NOTE

Check Details

Version: 0.2
Check: R code for possible problems
Result: NOTE
    binary.state: no visible global function definition for 'runif'
    dbn.dnn.train: no visible global function definition for 'runif'
    dropout.mask: no visible global function definition for 'runif'
    nn.train: no visible global function definition for 'runif'
    rbm.train: no visible global function definition for 'runif'
    sae.dnn.train: no visible global function definition for 'runif'
    show.digit: no visible global function definition for 'gray'
    show.digit: no visible global function definition for 'image'
    Undefined global functions or variables:
     gray image runif
    Consider adding
     importFrom("grDevices", "gray")
     importFrom("graphics", "image")
     importFrom("stats", "runif")
    to your NAMESPACE file.
Flavors: r-devel-linux-x86_64-debian-clang, r-devel-linux-x86_64-debian-gcc, r-devel-linux-x86_64-fedora-clang, r-devel-linux-x86_64-fedora-gcc, r-devel-windows-x86_64-new-UL, r-devel-windows-x86_64-new-TK, r-patched-linux-x86_64, r-release-linux-x86_64, r-release-macos-arm64, r-release-macos-x86_64, r-release-windows-ix86+x86_64, r-oldrel-macos-x86_64, r-oldrel-windows-ix86+x86_64