CRAN Package Check Results for Package dendsort

Last updated on 2021-12-07 05:55:02 CET.

Flavor Version Tinstall Tcheck Ttotal Status Flags
r-devel-linux-x86_64-debian-clang 0.3.4 2.71 33.24 35.95 WARN
r-devel-linux-x86_64-debian-gcc 0.3.4 1.89 26.60 28.49 WARN
r-devel-linux-x86_64-fedora-clang 0.3.4 59.52 OK
r-devel-linux-x86_64-fedora-gcc 0.3.4 51.28 OK
r-devel-windows-x86_64-new-UL 0.3.4 8.00 85.00 93.00 OK
r-devel-windows-x86_64-new-TK 0.3.4 WARN
r-devel-windows-x86_64-old 0.3.4 5.00 50.00 55.00 WARN
r-patched-linux-x86_64 0.3.4 2.58 44.50 47.08 OK
r-release-linux-x86_64 0.3.4 2.28 44.96 47.24 OK
r-release-macos-arm64 0.3.4 OK
r-release-macos-x86_64 0.3.4 OK
r-release-windows-ix86+x86_64 0.3.4 5.00 59.00 64.00 OK
r-oldrel-macos-x86_64 0.3.4 OK
r-oldrel-windows-ix86+x86_64 0.3.4 6.00 63.00 69.00 OK

Check Details

Version: 0.3.4
Check: re-building of vignette outputs
Result: WARN
    Error(s) in re-building vignettes:
     ...
    --- re-building 'example_figures.Rmd' using rmarkdown
    
    Attaching package: 'gplots'
    
    The following objects are masked from 'package:seriation':
    
     bluered, greenred
    
    The following object is masked from 'package:stats':
    
     lowess
    
    Quitting from lines 90-137 (example_figures.Rmd)
    Error: processing vignette 'example_figures.Rmd' failed with diagnostics:
    'list' object cannot be coerced to type 'integer'
    --- failed re-building 'example_figures.Rmd'
    
    SUMMARY: processing the following file failed:
     'example_figures.Rmd'
    
    Error: Vignette re-building failed.
    Execution halted
Flavors: r-devel-linux-x86_64-debian-clang, r-devel-linux-x86_64-debian-gcc

Version: 0.3.4
Check: re-building of vignette outputs
Result: WARN
    Error(s) in re-building vignettes:
    --- re-building 'example_figures.Rmd' using rmarkdown
    
    Attaching package: 'gplots'
    
    The following objects are masked from 'package:seriation':
    
     bluered, greenred
    
    The following object is masked from 'package:stats':
    
     lowess
    
    Quitting from lines 90-137 (example_figures.Rmd)
    Error: processing vignette 'example_figures.Rmd' failed with diagnostics:
    'list' object cannot be coerced to type 'integer'
    --- failed re-building 'example_figures.Rmd'
    
    SUMMARY: processing the following file failed:
     'example_figures.Rmd'
    
    Error: Vignette re-building failed.
    Execution halted
Flavors: r-devel-windows-x86_64-new-TK, r-devel-windows-x86_64-old