CRAN Package Check Results for Package denovolyzeR

Last updated on 2020-07-15 05:47:58 CEST.

Flavor Version Tinstall Tcheck Ttotal Status Flags
r-devel-linux-x86_64-debian-clang 0.2.0 10.63 62.09 72.72 OK
r-devel-linux-x86_64-debian-gcc 0.2.0 9.44 51.45 60.89 OK
r-devel-linux-x86_64-fedora-clang 0.2.0 100.23 OK
r-devel-linux-x86_64-fedora-gcc 0.2.0 93.84 OK
r-devel-windows-ix86+x86_64 0.2.0 35.00 105.00 140.00 OK
r-patched-linux-x86_64 0.2.0 11.06 64.75 75.81 OK
r-patched-solaris-x86 0.2.0 143.90 OK
r-release-linux-x86_64 0.2.0 10.90 64.43 75.33 OK
r-release-macos-x86_64 0.2.0 ERROR
r-release-windows-ix86+x86_64 0.2.0 28.00 84.00 112.00 OK
r-oldrel-macos-x86_64 0.2.0 OK
r-oldrel-windows-ix86+x86_64 0.2.0 26.00 103.00 129.00 OK

Check Details

Version: 0.2.0
Check: whether package can be installed
Result: ERROR
    Installation failed.
Flavor: r-release-macos-x86_64