CRAN Package Check Results for Package depth

Last updated on 2022-01-22 05:10:14 CET.

Flavor Version Tinstall Tcheck Ttotal Status Flags
r-devel-linux-x86_64-debian-clang 2.1-1.1 9.82 65.88 75.70 OK
r-devel-linux-x86_64-debian-gcc 2.1-1.1 8.93 50.35 59.28 OK
r-devel-linux-x86_64-fedora-clang 2.1-1.1 93.05 NOTE
r-devel-linux-x86_64-fedora-gcc 2.1-1.1 81.68 NOTE
r-devel-windows-x86_64-new-UL 2.1-1.1 32.00 91.00 123.00 OK
r-devel-windows-x86_64-new-TK 2.1-1.1 OK
r-patched-linux-x86_64 2.1-1.1 11.33 64.18 75.51 OK
r-release-linux-x86_64 2.1-1.1 11.82 64.19 76.01 OK
r-release-macos-arm64 2.1-1.1 OK
r-release-macos-x86_64 2.1-1.1 OK
r-release-windows-ix86+x86_64 2.1-1.1 24.00 99.00 123.00 OK
r-oldrel-macos-x86_64 2.1-1.1 OK
r-oldrel-windows-ix86+x86_64 2.1-1.1 24.00 95.00 119.00 OK

Check Details

Version: 2.1-1.1
Check: compiled code
Result: NOTE
    File ‘depth/libs/depth.so’:
     Found no calls to: ‘R_registerRoutines’, ‘R_useDynamicSymbols’
    
    It is good practice to register native routines and to disable symbol
    search.
    
    See ‘Writing portable packages’ in the ‘Writing R Extensions’ manual.
Flavors: r-devel-linux-x86_64-fedora-clang, r-devel-linux-x86_64-fedora-gcc