CRAN Package Check Results for Package descriptr

Last updated on 2024-06-13 06:57:58 CEST.

Flavor Version Tinstall Tcheck Ttotal Status Flags
r-devel-linux-x86_64-debian-clang 0.5.2 5.41 129.51 134.92 OK
r-devel-linux-x86_64-debian-gcc 0.5.2 0.56 1.80 2.36 ERROR
r-devel-linux-x86_64-fedora-clang 0.5.2 163.46 OK
r-devel-linux-x86_64-fedora-gcc 0.5.2 166.66 OK
r-devel-windows-x86_64 0.5.2 6.00 116.00 122.00 OK
r-patched-linux-x86_64 0.5.2 6.97 121.55 128.52 OK
r-release-linux-x86_64 0.5.2 5.12 121.62 126.74 OK
r-release-macos-arm64 0.5.2 55.00 OK
r-release-macos-x86_64 0.5.2 82.00 OK
r-release-windows-x86_64 0.5.2 8.00 109.00 117.00 OK
r-oldrel-macos-arm64 0.5.2 54.00 OK
r-oldrel-macos-x86_64 0.5.2 94.00 OK
r-oldrel-windows-x86_64 0.5.2 9.00 129.00 138.00 OK

Check Details

Version: 0.5.2
Check: package dependencies
Result: ERROR Packages required but not available: 'dplyr', 'ggplot2', 'tibble', 'tidyr' Packages suggested but not available for checking: 'testthat', 'vdiffr' See section ‘The DESCRIPTION file’ in the ‘Writing R Extensions’ manual. Flavor: r-devel-linux-x86_64-debian-gcc