CRAN Package Check Results for Package designmatch

Last updated on 2022-10-06 05:59:25 CEST.

Flavor Version Tinstall Tcheck Ttotal Status Flags
r-devel-linux-x86_64-debian-clang 0.4.1 6.16 45.36 51.52 NOTE
r-devel-linux-x86_64-debian-gcc 0.4.1 4.99 34.71 39.70 NOTE
r-devel-linux-x86_64-fedora-clang 0.4.1 76.20 NOTE
r-devel-linux-x86_64-fedora-gcc 0.4.1 74.07 NOTE
r-devel-windows-x86_64 0.4.1 31.00 72.00 103.00 NOTE
r-patched-linux-x86_64 0.4.1 6.46 43.71 50.17 NOTE
r-release-linux-x86_64 0.4.1 6.10 43.13 49.23 NOTE
r-release-macos-arm64 0.4.1 22.00 NOTE
r-release-macos-x86_64 0.4.1 29.00 NOTE
r-release-windows-x86_64 0.4.1 41.00 71.00 112.00 NOTE
r-oldrel-macos-arm64 0.4.1 24.00 NOTE
r-oldrel-macos-x86_64 0.4.1 33.00 NOTE
r-oldrel-windows-ix86+x86_64 0.4.1 12.00 65.00 77.00 NOTE

Check Details

Version: 0.4.1
Check: package dependencies
Result: NOTE
    Package which this enhances but not available for checking: 'gurobi'
Flavors: r-devel-linux-x86_64-debian-clang, r-devel-linux-x86_64-debian-gcc, r-patched-linux-x86_64, r-release-linux-x86_64

Version: 0.4.1
Check: package dependencies
Result: NOTE
    Packages which this enhances but not available for checking:
     'gurobi', 'Rcplex'
Flavors: r-devel-linux-x86_64-fedora-clang, r-devel-linux-x86_64-fedora-gcc, r-devel-windows-x86_64, r-release-macos-arm64, r-release-macos-x86_64, r-release-windows-x86_64, r-oldrel-macos-arm64, r-oldrel-macos-x86_64, r-oldrel-windows-ix86+x86_64