Last updated on 2023-10-01 06:53:05 CEST.
Flavor | Version | Tinstall | Tcheck | Ttotal | Status | Flags |
---|---|---|---|---|---|---|
r-devel-linux-x86_64-debian-clang | 0.5.4 | 8.86 | 55.11 | 63.97 | NOTE | |
r-devel-linux-x86_64-debian-gcc | 0.5.4 | 5.18 | 42.49 | 47.67 | NOTE | |
r-devel-linux-x86_64-fedora-clang | 0.5.4 | 76.99 | NOTE | |||
r-devel-linux-x86_64-fedora-gcc | 0.5.4 | 78.17 | NOTE | |||
r-devel-windows-x86_64 | 0.5.4 | 7.00 | 63.00 | 70.00 | NOTE | |
r-patched-linux-x86_64 | 0.5.4 | 6.54 | 55.00 | 61.54 | NOTE | |
r-release-linux-x86_64 | 0.5.4 | 6.71 | 55.59 | 62.30 | NOTE | |
r-release-macos-arm64 | 0.5.4 | 29.00 | NOTE | |||
r-release-macos-x86_64 | 0.5.4 | 55.00 | NOTE | |||
r-release-windows-x86_64 | 0.5.4 | 10.00 | 70.00 | 80.00 | NOTE | |
r-oldrel-macos-arm64 | 0.5.4 | 27.00 | NOTE | |||
r-oldrel-macos-x86_64 | 0.5.4 | 41.00 | NOTE | |||
r-oldrel-windows-x86_64 | 0.5.4 | 12.00 | 73.00 | 85.00 | NOTE |
Version: 0.5.4
Check: package dependencies
Result: NOTE
Package which this enhances but not available for checking: ‘gurobi’
Flavors: r-devel-linux-x86_64-debian-clang, r-devel-linux-x86_64-debian-gcc, r-patched-linux-x86_64, r-release-linux-x86_64
Version: 0.5.4
Check: package dependencies
Result: NOTE
Packages which this enhances but not available for checking:
'gurobi', 'Rcplex'
Flavors: r-devel-linux-x86_64-fedora-clang, r-devel-linux-x86_64-fedora-gcc, r-devel-windows-x86_64, r-release-macos-arm64, r-release-macos-x86_64, r-release-windows-x86_64, r-oldrel-macos-arm64, r-oldrel-macos-x86_64, r-oldrel-windows-x86_64