CRAN Package Check Results for Package desirability

Last updated on 2024-06-13 06:57:58 CEST.

Flavor Version Tinstall Tcheck Ttotal Status Flags
r-devel-linux-x86_64-debian-clang 2.1 1.85 40.28 42.13 OK
r-devel-linux-x86_64-debian-gcc 2.1 1.81 31.30 33.11 OK
r-devel-linux-x86_64-fedora-clang 2.1 54.28 OK
r-devel-linux-x86_64-fedora-gcc 2.1 63.51 OK
r-devel-windows-x86_64 2.1 4.00 60.00 64.00 OK
r-patched-linux-x86_64 2.1 2.76 40.24 43.00 OK
r-release-linux-x86_64 2.1 2.29 39.99 42.28 OK
r-release-macos-arm64 2.1 25.00 OK
r-release-macos-x86_64 2.1 39.00 OK
r-release-windows-x86_64 2.1 3.00 59.00 62.00 OK
r-oldrel-macos-arm64 2.1 29.00 OK
r-oldrel-macos-x86_64 2.1 44.00 NOTE
r-oldrel-windows-x86_64 2.1 3.00 62.00 65.00 OK

Check Details

Version: 2.1
Check: re-building of vignette outputs
Result: NOTE Error(s) in re-building vignettes: ... --- re-building ‘desirability.Rnw’ using Sweave Error: processing vignette 'desirability.Rnw' failed with diagnostics: Running 'texi2dvi' on 'desirability.tex' failed. LaTeX errors: ! LaTeX Error: File `algorithm2e.sty' not found. Type X to quit or <RETURN> to proceed, or enter new name. (Default extension: sty) ! Emergency stop. <read *> l.14 \usepackage [^^M ! ==> Fatal error occurred, no output PDF file produced! --- failed re-building ‘desirability.Rnw’ SUMMARY: processing the following file failed: ‘desirability.Rnw’ Error: Vignette re-building failed. Execution halted Flavor: r-oldrel-macos-x86_64