CRAN Package Check Results for Package detectR

Last updated on 2021-09-21 05:51:01 CEST.

Flavor Version Tinstall Tcheck Ttotal Status Flags
r-devel-linux-x86_64-debian-clang 0.1.0 4.02 33.76 37.78 OK
r-devel-linux-x86_64-debian-gcc 0.1.0 3.64 25.71 29.35 OK
r-devel-linux-x86_64-fedora-clang 0.1.0 54.00 OK
r-devel-linux-x86_64-fedora-gcc 0.1.0 43.95 OK
r-devel-windows-x86_64 0.1.0 6.00 40.00 46.00 OK
r-devel-windows-x86_64-gcc10-UCRT 0.1.0 ERROR
r-patched-linux-x86_64 0.1.0 4.02 32.56 36.58 OK
r-patched-solaris-x86 0.1.0 64.80 OK
r-release-linux-x86_64 0.1.0 4.55 32.51 37.06 OK
r-release-macos-arm64 0.1.0 OK
r-release-macos-x86_64 0.1.0 OK
r-release-windows-ix86+x86_64 0.1.0 9.00 39.00 48.00 OK
r-oldrel-macos-x86_64 0.1.0 OK
r-oldrel-windows-ix86+x86_64 0.1.0 8.00 41.00 49.00 OK

Check Details

Version: 0.1.0
Check: whether package can be installed
Result: WARN
    Found the following significant warnings:
     WARNING: installation-time patches will not be applied, could not get the patches index
Flavor: r-devel-windows-x86_64-gcc10-UCRT

Version: 0.1.0
Check: PDF version of manual
Result: WARN
    LaTeX errors when creating PDF version.
    This typically indicates Rd problems.
Flavor: r-devel-windows-x86_64-gcc10-UCRT

Version: 0.1.0
Check: PDF version of manual without hyperrefs or index
Result: ERROR
    Re-running with no redirection of stdout/stderr.
Flavor: r-devel-windows-x86_64-gcc10-UCRT