CRAN Package Check Results for Package detzrcr

Last updated on 2023-01-31 06:01:00 CET.

Flavor Version Tinstall Tcheck Ttotal Status Flags
r-devel-linux-x86_64-debian-clang 0.3.1 4.45 34.86 39.31 NOTE
r-devel-linux-x86_64-debian-gcc 0.3.1 3.14 26.60 29.74 NOTE
r-devel-linux-x86_64-fedora-clang 0.3.1 49.00 NOTE
r-devel-linux-x86_64-fedora-gcc 0.3.1 59.43 NOTE
r-devel-windows-x86_64 0.3.1 30.00 74.00 104.00 NOTE
r-patched-linux-x86_64 0.3.1 5.07 32.94 38.01 NOTE
r-release-linux-x86_64 0.3.1 4.53 33.87 38.40 NOTE
r-release-macos-arm64 0.3.1 21.00 NOTE
r-release-macos-x86_64 0.3.1 35.00 NOTE
r-release-windows-x86_64 0.3.1 30.00 70.00 100.00 NOTE
r-oldrel-macos-arm64 0.3.1 26.00 NOTE
r-oldrel-macos-x86_64 0.3.1 33.00 NOTE
r-oldrel-windows-ix86+x86_64 0.3.1 14.00 59.00 73.00 NOTE

Check Details

Version: 0.3.1
Check: LazyData
Result: NOTE
     'LazyData' is specified without a 'data' directory
Flavors: r-devel-linux-x86_64-debian-clang, r-devel-linux-x86_64-debian-gcc, r-devel-linux-x86_64-fedora-clang, r-devel-linux-x86_64-fedora-gcc, r-devel-windows-x86_64, r-patched-linux-x86_64, r-release-linux-x86_64, r-release-macos-arm64, r-release-macos-x86_64, r-release-windows-x86_64, r-oldrel-macos-arm64, r-oldrel-macos-x86_64, r-oldrel-windows-ix86+x86_64

Version: 0.3.1
Check: dependencies in R code
Result: NOTE
    Namespaces in Imports field not imported from:
     ‘DT’ ‘utils’
     All declared Imports should be used.
Flavors: r-devel-linux-x86_64-fedora-clang, r-devel-linux-x86_64-fedora-gcc, r-release-macos-arm64, r-release-macos-x86_64, r-oldrel-macos-arm64, r-oldrel-macos-x86_64