CRAN Package Check Results for Package devtools

Last updated on 2020-07-15 05:47:58 CEST.

Flavor Version Tinstall Tcheck Ttotal Status Flags
r-devel-linux-x86_64-debian-clang 2.3.0 9.86 119.85 129.71 OK
r-devel-linux-x86_64-debian-gcc 2.3.0 8.48 91.28 99.76 OK
r-devel-linux-x86_64-fedora-clang 2.3.0 171.15 NOTE
r-devel-linux-x86_64-fedora-gcc 2.3.0 215.81 OK
r-devel-windows-ix86+x86_64 2.3.0 38.00 233.00 271.00 OK
r-patched-linux-x86_64 2.3.0 10.00 126.79 136.79 OK
r-patched-solaris-x86 2.3.0 233.60 OK
r-release-linux-x86_64 2.3.0 10.39 126.78 137.17 OK
r-release-macos-x86_64 2.3.0 ERROR
r-release-windows-ix86+x86_64 2.3.0 29.00 223.00 252.00 OK
r-oldrel-macos-x86_64 2.3.0 OK
r-oldrel-windows-ix86+x86_64 2.3.0 24.00 236.00 260.00 OK

Check Details

Version: 2.3.0
Check: package dependencies
Result: NOTE
    Imports includes 24 non-default packages.
    Importing from so many packages makes the package vulnerable to any of
    them becoming unavailable. Move as many as possible to Suggests and
    use conditionally.
Flavor: r-devel-linux-x86_64-fedora-clang

Version: 2.3.0
Check: whether package can be installed
Result: ERROR
    Installation failed.
Flavor: r-release-macos-x86_64