Last updated on 2021-01-18 05:47:21 CET.
Flavor | Version | Tinstall | Tcheck | Ttotal | Status | Flags |
---|---|---|---|---|---|---|
r-devel-linux-x86_64-debian-clang | 0.2.0 | 6.17 | 77.56 | 83.73 | OK | |
r-devel-linux-x86_64-debian-gcc | 0.2.0 | 4.64 | 58.55 | 63.19 | OK | |
r-devel-linux-x86_64-fedora-clang | 0.2.0 | 107.59 | NOTE | |||
r-devel-linux-x86_64-fedora-gcc | 0.2.0 | 92.57 | NOTE | |||
r-devel-windows-ix86+x86_64 | 0.2.0 | 10.00 | 84.00 | 94.00 | OK | |
r-patched-linux-x86_64 | 0.2.0 | 3.66 | 73.92 | 77.58 | OK | |
r-patched-solaris-x86 | 0.2.0 | 134.30 | NOTE | |||
r-release-linux-x86_64 | 0.2.0 | 6.38 | 73.83 | 80.21 | OK | |
r-release-macos-x86_64 | 0.2.0 | NOTE | ||||
r-release-windows-ix86+x86_64 | 0.2.0 | 13.00 | 76.00 | 89.00 | OK | |
r-oldrel-macos-x86_64 | 0.2.0 | NOTE | ||||
r-oldrel-windows-ix86+x86_64 | 0.2.0 | 11.00 | 70.00 | 81.00 | OK |
Version: 0.2.0
Check: dependencies in R code
Result: NOTE
Namespaces in Imports field not imported from:
‘MASS’ ‘plyr’
All declared Imports should be used.
Flavors: r-devel-linux-x86_64-fedora-clang, r-devel-linux-x86_64-fedora-gcc, r-patched-solaris-x86, r-release-macos-x86_64, r-oldrel-macos-x86_64