CRAN Package Check Results for Package dfped

Last updated on 2023-02-02 06:03:22 CET.

Flavor Version Tinstall Tcheck Ttotal Status Flags
r-devel-linux-x86_64-debian-clang 1.1 9.91 92.64 102.55 NOTE
r-devel-linux-x86_64-debian-gcc 1.1 8.41 67.05 75.46 NOTE
r-devel-linux-x86_64-fedora-clang 1.1 131.66 NOTE
r-devel-linux-x86_64-fedora-gcc 1.1 126.54 NOTE
r-patched-linux-x86_64 1.1 8.98 88.68 97.66 NOTE
r-release-linux-x86_64 1.1 7.56 91.66 99.22 NOTE
r-release-macos-arm64 1.1 41.00 NOTE
r-release-macos-x86_64 1.1 75.00 NOTE
r-release-windows-x86_64 1.1 31.00 144.00 175.00 NOTE
r-oldrel-macos-arm64 1.1 47.00 NOTE
r-oldrel-macos-x86_64 1.1 80.00 NOTE
r-oldrel-windows-ix86+x86_64 1.1 24.00 116.00 140.00 NOTE

Check Details

Version: 1.1
Check: LazyData
Result: NOTE
     'LazyData' is specified without a 'data' directory
Flavors: r-devel-linux-x86_64-debian-clang, r-devel-linux-x86_64-debian-gcc, r-devel-linux-x86_64-fedora-clang, r-devel-linux-x86_64-fedora-gcc, r-patched-linux-x86_64, r-release-linux-x86_64, r-release-macos-arm64, r-release-macos-x86_64, r-release-windows-x86_64, r-oldrel-macos-arm64, r-oldrel-macos-x86_64, r-oldrel-windows-ix86+x86_64