CRAN Package Check Results for Package dfped

Last updated on 2023-12-11 05:51:49 CET.

Flavor Version Tinstall Tcheck Ttotal Status Flags
r-devel-linux-x86_64-debian-clang 1.1 22.80 134.48 157.28 NOTE
r-devel-linux-x86_64-debian-gcc 1.1 19.12 98.62 117.74 NOTE
r-devel-linux-x86_64-fedora-clang 1.1 210.66 NOTE
r-devel-linux-x86_64-fedora-gcc 1.1 190.82 NOTE
r-devel-windows-x86_64 1.1 15.00 111.00 126.00 NOTE
r-patched-linux-x86_64 1.1 17.89 129.86 147.75 NOTE
r-release-linux-x86_64 1.1 19.74 130.10 149.84 NOTE
r-release-macos-arm64 1.1 40.00 NOTE
r-release-macos-x86_64 1.1 70.00 NOTE
r-release-windows-x86_64 1.1 18.00 131.00 149.00 NOTE
r-oldrel-macos-arm64 1.1 41.00 NOTE
r-oldrel-macos-x86_64 1.1 75.00 NOTE
r-oldrel-windows-x86_64 1.1 20.00 133.00 153.00 NOTE

Check Details

Version: 1.1
Check: LazyData
Result: NOTE 'LazyData' is specified without a 'data' directory Flavors: r-devel-linux-x86_64-debian-clang, r-devel-linux-x86_64-debian-gcc, r-devel-linux-x86_64-fedora-clang, r-devel-linux-x86_64-fedora-gcc, r-devel-windows-x86_64, r-patched-linux-x86_64, r-release-linux-x86_64, r-release-macos-arm64, r-release-macos-x86_64, r-release-windows-x86_64, r-oldrel-macos-arm64, r-oldrel-macos-x86_64, r-oldrel-windows-x86_64