CRAN Package Check Results for Package dfpk

Last updated on 2019-08-23 05:46:52 CEST.

Flavor Version Tinstall Tcheck Ttotal Status Flags
r-devel-linux-x86_64-debian-clang 3.5.1 185.01 84.15 269.16 NOTE
r-devel-linux-x86_64-debian-gcc 3.5.1 214.76 67.79 282.55 NOTE
r-devel-linux-x86_64-fedora-clang 3.5.1 361.67 WARN
r-devel-linux-x86_64-fedora-gcc 3.5.1 473.43 NOTE
r-devel-windows-ix86+x86_64 3.5.1 332.00 232.00 564.00 NOTE
r-patched-linux-x86_64 3.5.1 195.54 85.26 280.80 NOTE
r-patched-solaris-x86 3.5.1 360.80 NOTE
r-release-linux-x86_64 3.5.1 196.79 85.73 282.52 NOTE
r-release-windows-ix86+x86_64 3.5.1 418.00 233.00 651.00 NOTE
r-release-osx-x86_64 3.5.1 NOTE
r-oldrel-windows-ix86+x86_64 3.5.1 388.00 204.00 592.00 NOTE
r-oldrel-osx-x86_64 3.5.1 NOTE

Check Details

Version: 3.5.1
Check: for GNU extensions in Makefiles
Result: NOTE
    GNU make is a SystemRequirements.
Flavors: r-devel-linux-x86_64-debian-clang, r-devel-linux-x86_64-debian-gcc, r-devel-linux-x86_64-fedora-clang, r-devel-linux-x86_64-fedora-gcc, r-devel-windows-ix86+x86_64, r-patched-linux-x86_64, r-patched-solaris-x86, r-release-linux-x86_64, r-release-windows-ix86+x86_64, r-release-osx-x86_64, r-oldrel-windows-ix86+x86_64, r-oldrel-osx-x86_64

Version: 3.5.1
Check: whether package can be installed
Result: WARN
    Found the following significant warnings:
     /data/gannet/ripley/R/test-clang/StanHeaders/include/stan/math/prim/mat/err/is_lower_triangular.hpp:25:27: warning: 'ptr_fun<double, double>' is deprecated [-Wdeprecated-declarations]
Flavor: r-devel-linux-x86_64-fedora-clang

Version: 3.5.1
Check: installed package size
Result: NOTE
     installed size is 49.1Mb
     sub-directories of 1Mb or more:
     libs 48.6Mb
Flavors: r-devel-linux-x86_64-fedora-clang, r-devel-windows-ix86+x86_64, r-release-windows-ix86+x86_64, r-release-osx-x86_64, r-oldrel-windows-ix86+x86_64, r-oldrel-osx-x86_64