CRAN Package Check Results for Package dfpk

Last updated on 2020-01-20 05:47:11 CET.

Flavor Version Tinstall Tcheck Ttotal Status Flags
r-devel-linux-x86_64-debian-clang 3.5.1 187.36 96.36 283.72 NOTE
r-devel-linux-x86_64-debian-gcc 3.5.1 212.06 74.65 286.71 NOTE
r-devel-linux-x86_64-fedora-clang 3.5.1 447.37 NOTE
r-devel-linux-x86_64-fedora-gcc 3.5.1 482.91 NOTE
r-devel-windows-ix86+x86_64 3.5.1 430.00 177.00 607.00 NOTE
r-devel-windows-ix86+x86_64-gcc8 3.5.1 318.00 276.00 594.00 NOTE
r-patched-linux-x86_64 3.5.1 192.23 83.73 275.96 NOTE
r-patched-solaris-x86 3.5.1 390.50 NOTE
r-release-linux-x86_64 3.5.1 191.44 83.48 274.92 NOTE
r-release-windows-ix86+x86_64 3.5.1 401.00 222.00 623.00 NOTE
r-release-osx-x86_64 3.5.1 NOTE
r-oldrel-windows-ix86+x86_64 3.5.1 313.00 154.00 467.00 NOTE
r-oldrel-osx-x86_64 3.5.1 NOTE

Check Details

Version: 3.5.1
Check: for GNU extensions in Makefiles
Result: NOTE
    GNU make is a SystemRequirements.
Flavors: r-devel-linux-x86_64-debian-clang, r-devel-linux-x86_64-debian-gcc, r-devel-linux-x86_64-fedora-clang, r-devel-linux-x86_64-fedora-gcc, r-devel-windows-ix86+x86_64, r-devel-windows-ix86+x86_64-gcc8, r-patched-linux-x86_64, r-patched-solaris-x86, r-release-linux-x86_64, r-release-windows-ix86+x86_64, r-release-osx-x86_64, r-oldrel-windows-ix86+x86_64, r-oldrel-osx-x86_64

Version: 3.5.1
Check: installed package size
Result: NOTE
     installed size is 55.0Mb
     sub-directories of 1Mb or more:
     libs 54.3Mb
Flavors: r-devel-linux-x86_64-fedora-clang, r-devel-windows-ix86+x86_64, r-devel-windows-ix86+x86_64-gcc8, r-release-windows-ix86+x86_64, r-release-osx-x86_64, r-oldrel-windows-ix86+x86_64, r-oldrel-osx-x86_64