CRAN Package Check Results for Package dichromat

Last updated on 2021-10-19 05:50:58 CEST.

Flavor Version Tinstall Tcheck Ttotal Status Flags
r-devel-linux-x86_64-debian-clang 2.0-0 1.95 21.29 23.24 NOTE
r-devel-linux-x86_64-debian-gcc 2.0-0 1.54 16.76 18.30 NOTE
r-devel-linux-x86_64-fedora-clang 2.0-0 38.93 NOTE
r-devel-linux-x86_64-fedora-gcc 2.0-0 28.59 NOTE
r-devel-windows-x86_64 2.0-0 4.00 40.00 44.00 NOTE
r-devel-windows-x86_64-gcc10-UCRT 2.0-0 NOTE
r-patched-linux-x86_64 2.0-0 2.10 20.35 22.45 NOTE
r-patched-solaris-x86 2.0-0 45.20 NOTE
r-release-linux-x86_64 2.0-0 1.94 21.14 23.08 NOTE
r-release-macos-arm64 2.0-0 NOTE
r-release-macos-x86_64 2.0-0 NOTE
r-release-windows-ix86+x86_64 2.0-0 5.00 30.00 35.00 NOTE
r-oldrel-macos-x86_64 2.0-0 NOTE
r-oldrel-windows-ix86+x86_64 2.0-0 5.00 30.00 35.00 NOTE

Check Details

Version: 2.0-0
Check: R code for possible problems
Result: NOTE
    dichromat: no visible global function definition for 'col2rgb'
    dichromat: no visible global function definition for 'predict'
    dichromat: no visible global function definition for 'rgb'
    Undefined global functions or variables:
     col2rgb predict rgb
    Consider adding
     importFrom("grDevices", "col2rgb", "rgb")
     importFrom("stats", "predict")
    to your NAMESPACE file.
Flavors: r-devel-linux-x86_64-debian-clang, r-devel-linux-x86_64-debian-gcc, r-devel-linux-x86_64-fedora-clang, r-devel-linux-x86_64-fedora-gcc, r-devel-windows-x86_64, r-devel-windows-x86_64-gcc10-UCRT, r-patched-linux-x86_64, r-patched-solaris-x86, r-release-linux-x86_64, r-release-macos-arm64, r-release-macos-x86_64, r-release-windows-ix86+x86_64, r-oldrel-macos-x86_64, r-oldrel-windows-ix86+x86_64