CRAN Package Check Results for Package diffIRT

Last updated on 2022-05-19 05:51:51 CEST.

Flavor Version Tinstall Tcheck Ttotal Status Flags
r-devel-linux-x86_64-debian-clang 1.5 4.70 42.37 47.07 OK
r-devel-linux-x86_64-debian-gcc 1.5 4.63 32.58 37.21 OK
r-devel-linux-x86_64-fedora-clang 1.5 57.02 NOTE
r-devel-linux-x86_64-fedora-gcc 1.5 56.05 NOTE
r-devel-windows-x86_64 1.5 19.00 57.00 76.00 OK
r-patched-linux-x86_64 1.5 5.16 41.02 46.18 OK
r-release-linux-x86_64 1.5 5.24 39.79 45.03 OK
r-release-macos-arm64 1.5 19.00 OK
r-release-macos-x86_64 1.5 28.00 OK
r-release-windows-x86_64 1.5 19.00 59.00 78.00 OK
r-oldrel-macos-arm64 1.5 21.00 OK
r-oldrel-macos-x86_64 1.5 36.00 OK
r-oldrel-windows-ix86+x86_64 1.5 12.00 58.00 70.00 OK

Check Details

Version: 1.5
Check: compiled code
Result: NOTE
    File ‘diffIRT/libs/diffIRT.so’:
     Found no calls to: ‘R_registerRoutines’, ‘R_useDynamicSymbols’
    
    It is good practice to register native routines and to disable symbol
    search.
    
    See ‘Writing portable packages’ in the ‘Writing R Extensions’ manual.
Flavors: r-devel-linux-x86_64-fedora-clang, r-devel-linux-x86_64-fedora-gcc